Last updated on 2024-08-16 11:49:42 CEST.
Flavor | Version | Tinstall | Tcheck | Ttotal | Status | Flags |
---|---|---|---|---|---|---|
r-devel-linux-x86_64-debian-clang | 0.13.3 | 8.30 | 79.04 | 87.34 | NOTE | |
r-devel-linux-x86_64-debian-gcc | 0.13.3 | 6.62 | 58.84 | 65.46 | NOTE | |
r-devel-linux-x86_64-fedora-clang | 0.13.3 | 137.85 | OK | |||
r-devel-linux-x86_64-fedora-gcc | 0.13.3 | 130.65 | OK | |||
r-devel-windows-x86_64 | 0.13.3 | 11.00 | 91.00 | 102.00 | NOTE | |
r-patched-linux-x86_64 | 0.13.3 | 12.50 | 74.53 | 87.03 | OK | |
r-release-linux-x86_64 | 0.13.3 | 7.81 | 74.64 | 82.45 | OK | |
r-release-macos-arm64 | 0.13.3 | 43.00 | OK | |||
r-release-macos-x86_64 | 0.13.3 | 73.00 | OK | |||
r-release-windows-x86_64 | 0.13.3 | 10.00 | 92.00 | 102.00 | OK | |
r-oldrel-macos-arm64 | 0.13.3 | 45.00 | OK | |||
r-oldrel-macos-x86_64 | 0.13.3 | 124.00 | OK | |||
r-oldrel-windows-x86_64 | 0.13.3 | 12.00 | 110.00 | 122.00 | OK |
Version: 0.13.3
Check: Rd cross-references
Result: NOTE
Found the following Rd file(s) with Rd \link{} targets missing package
anchors:
addGroups2WFUN.Rd: W_powerlaw, W_np
fitC.Rd: hhh4, update.hhh4
noroBE.Rd: sts-class, nbOrder, poly2adjmat
plotHHH4_fitted_groups.Rd: hhh4, plotHHH4_fitted
plotHHH4_maps_groups.Rd: plotHHH4_maps
plotHHH4_season_groups.Rd: plotHHH4_season, epochInYear
stsplothook.Rd: stsplot_time1
Please provide package anchors for all Rd \link{} targets not in the
package itself and the base packages.
Flavors: r-devel-linux-x86_64-debian-clang, r-devel-linux-x86_64-debian-gcc, r-devel-windows-x86_64