CRAN Package Check Results for Package highfrequency

Last updated on 2021-04-20 11:48:45 CEST.

Flavor Version Tinstall Tcheck Ttotal Status Flags
r-devel-linux-x86_64-debian-clang 0.8.0.1 128.58 266.81 395.39 OK
r-devel-linux-x86_64-debian-gcc 0.8.0.1 80.49 193.20 273.69 OK
r-devel-linux-x86_64-fedora-clang 0.8.0.1 451.47 NOTE
r-devel-linux-x86_64-fedora-gcc 0.8.0.1 413.72 OK
r-devel-windows-ix86+x86_64 0.8.0.1 280.00 377.00 657.00 NOTE
r-devel-windows-x86_64-gcc10-UCRT 0.8.0.1 OK
r-patched-linux-x86_64 0.8.0.1 95.81 220.28 316.09 OK
r-patched-solaris-x86 0.8.0.1 464.70 OK
r-release-linux-x86_64 0.8.0.1 99.03 221.00 320.03 OK
r-release-macos-x86_64 0.8.0.1 NOTE
r-release-windows-ix86+x86_64 0.8.0.1 263.00 494.00 757.00 NOTE
r-oldrel-macos-x86_64 0.8.0.1 NOTE
r-oldrel-windows-ix86+x86_64 0.8.0.1 178.00 431.00 609.00 NOTE

Check Details

Version: 0.8.0.1
Check: installed package size
Result: NOTE
     installed size is 6.9Mb
     sub-directories of 1Mb or more:
     data 2.6Mb
     libs 3.3Mb
Flavors: r-devel-linux-x86_64-fedora-clang, r-devel-windows-ix86+x86_64, r-release-macos-x86_64, r-release-windows-ix86+x86_64, r-oldrel-macos-x86_64, r-oldrel-windows-ix86+x86_64