CRAN Package Check Results for Package himach

Last updated on 2021-06-16 11:54:21 CEST.

Flavor Version Tinstall Tcheck Ttotal Status Flags
r-devel-linux-x86_64-debian-clang 0.1.2 11.47 172.96 184.43 ERROR
r-devel-linux-x86_64-debian-gcc 0.1.2 8.76 120.80 129.56 ERROR
r-devel-linux-x86_64-fedora-clang 0.1.2 190.55 ERROR
r-devel-linux-x86_64-fedora-gcc 0.1.2 208.88 ERROR
r-devel-windows-x86_64 0.1.2 17.00 202.00 219.00 ERROR
r-devel-windows-x86_64-gcc10-UCRT 0.1.2 ERROR
r-patched-linux-x86_64 0.1.2 8.57 159.93 168.50 ERROR
r-patched-solaris-x86 0.1.2 285.90 ERROR
r-release-linux-x86_64 0.1.2 8.51 157.16 165.67 ERROR
r-release-macos-arm64 0.1.2 OK
r-release-macos-x86_64 0.1.2 OK
r-release-windows-ix86+x86_64 0.1.2 23.00 210.00 233.00 ERROR
r-oldrel-macos-x86_64 0.1.2 OK
r-oldrel-windows-ix86+x86_64 0.1.2 29.00 230.00 259.00 OK

Additional issues

M1mac

Check Details

Version: 0.1.2
Check: tests
Result: ERROR
     Running 'testthat.R' [41s/49s]
    Running the tests in 'tests/testthat.R' failed.
    Complete output:
     > library(testthat)
     > library(himach)
     >
     > test_check("himach")
     Spherical geometry (s2) switched off
     == Skipped tests ===============================================================
     * On CRAN (1)
    
     == Failed tests ================================================================
     -- Failure (test-zzz.R:7:3): onLoad works --------------------------------------
     `himach:::.onLoad()` produced output.
    
     [ FAIL 1 | WARN 0 | SKIP 1 | PASS 60 ]
     Error: Test failures
     Execution halted
Flavor: r-devel-linux-x86_64-debian-clang

Version: 0.1.2
Check: tests
Result: ERROR
     Running ‘testthat.R’ [26s/39s]
    Running the tests in ‘tests/testthat.R’ failed.
    Complete output:
     > library(testthat)
     > library(himach)
     >
     > test_check("himach")
     Spherical geometry (s2) switched off
     ══ Skipped tests ═══════════════════════════════════════════════════════════════
     • On CRAN (1)
    
     ══ Failed tests ════════════════════════════════════════════════════════════════
     ── Failure (test-zzz.R:7:3): onLoad works ──────────────────────────────────────
     `himach:::.onLoad()` produced output.
    
     [ FAIL 1 | WARN 0 | SKIP 1 | PASS 60 ]
     Error: Test failures
     Execution halted
Flavor: r-devel-linux-x86_64-debian-gcc

Version: 0.1.2
Check: tests
Result: ERROR
     Running ‘testthat.R’ [30s/30s]
    Running the tests in ‘tests/testthat.R’ failed.
    Complete output:
     > library(testthat)
     > library(himach)
     >
     > test_check("himach")
     Spherical geometry (s2) switched off
     ══ Skipped tests ═══════════════════════════════════════════════════════════════
     • On CRAN (1)
    
     ══ Failed tests ════════════════════════════════════════════════════════════════
     ── Failure (test-zzz.R:7:3): onLoad works ──────────────────────────────────────
     `himach:::.onLoad()` produced output.
    
     [ FAIL 1 | WARN 0 | SKIP 1 | PASS 60 ]
     Error: Test failures
     Execution halted
Flavor: r-devel-linux-x86_64-fedora-clang

Version: 0.1.2
Check: tests
Result: ERROR
     Running ‘testthat.R’ [45s/58s]
    Running the tests in ‘tests/testthat.R’ failed.
    Complete output:
     > library(testthat)
     > library(himach)
     >
     > test_check("himach")
     Spherical geometry (s2) switched off
     ══ Skipped tests ═══════════════════════════════════════════════════════════════
     • On CRAN (1)
    
     ══ Failed tests ════════════════════════════════════════════════════════════════
     ── Failure (test-zzz.R:7:3): onLoad works ──────────────────────────────────────
     `himach:::.onLoad()` produced output.
    
     [ FAIL 1 | WARN 0 | SKIP 1 | PASS 60 ]
     Error: Test failures
     Execution halted
Flavor: r-devel-linux-x86_64-fedora-gcc

Version: 0.1.2
Check: tests
Result: ERROR
     Running 'testthat.R' [44s]
    Running the tests in 'tests/testthat.R' failed.
    Complete output:
     > library(testthat)
     > library(himach)
     >
     > test_check("himach")
     Spherical geometry (s2) switched off
     == Skipped tests ===============================================================
     * On CRAN (1)
    
     == Failed tests ================================================================
     -- Failure (test-zzz.R:7:3): onLoad works --------------------------------------
     `himach:::.onLoad()` produced output.
    
     [ FAIL 1 | WARN 0 | SKIP 1 | PASS 60 ]
     Error: Test failures
     Execution halted
Flavor: r-devel-windows-x86_64

Version: 0.1.2
Check: package dependencies
Result: ERROR
    Packages required but not available: 'lwgeom', 's2', 'sf'
    
    See section 'The DESCRIPTION file' in the 'Writing R Extensions'
    manual.
Flavor: r-devel-windows-x86_64-gcc10-UCRT

Version: 0.1.2
Check: tests
Result: ERROR
     Running ‘testthat.R’ [38s/45s]
    Running the tests in ‘tests/testthat.R’ failed.
    Complete output:
     > library(testthat)
     > library(himach)
     >
     > test_check("himach")
     Spherical geometry (s2) switched off
     ══ Skipped tests ═══════════════════════════════════════════════════════════════
     • On CRAN (1)
    
     ══ Failed tests ════════════════════════════════════════════════════════════════
     ── Failure (test-zzz.R:7:3): onLoad works ──────────────────────────────────────
     `himach:::.onLoad()` produced output.
    
     [ FAIL 1 | WARN 0 | SKIP 1 | PASS 60 ]
     Error: Test failures
     Execution halted
Flavor: r-patched-linux-x86_64

Version: 0.1.2
Check: tests
Result: ERROR
     Running ‘testthat.R’ [51s/59s]
    Running the tests in ‘tests/testthat.R’ failed.
    Complete output:
     > library(testthat)
     > library(himach)
     >
     > test_check("himach")
     Spherical geometry (s2) switched off
     ══ Skipped tests ═══════════════════════════════════════════════════════════════
     • On CRAN (1)
    
     ══ Failed tests ════════════════════════════════════════════════════════════════
     ── Failure (test-zzz.R:7:3): onLoad works ──────────────────────────────────────
     `himach:::.onLoad()` produced output.
    
     [ FAIL 1 | WARN 0 | SKIP 1 | PASS 60 ]
     Error: Test failures
     Execution halted
Flavor: r-patched-solaris-x86

Version: 0.1.2
Check: tests
Result: ERROR
     Running ‘testthat.R’ [35s/39s]
    Running the tests in ‘tests/testthat.R’ failed.
    Complete output:
     > library(testthat)
     > library(himach)
     >
     > test_check("himach")
     Spherical geometry (s2) switched off
     ══ Skipped tests ═══════════════════════════════════════════════════════════════
     • On CRAN (1)
    
     ══ Failed tests ════════════════════════════════════════════════════════════════
     ── Failure (test-zzz.R:7:3): onLoad works ──────────────────────────────────────
     `himach:::.onLoad()` produced output.
    
     [ FAIL 1 | WARN 0 | SKIP 1 | PASS 60 ]
     Error: Test failures
     Execution halted
Flavor: r-release-linux-x86_64

Version: 0.1.2
Check: tests
Result: ERROR
     Running 'testthat.R' [45s]
    Running the tests in 'tests/testthat.R' failed.
    Complete output:
     > library(testthat)
     > library(himach)
     >
     > test_check("himach")
     Spherical geometry (s2) switched off
     == Skipped tests ===============================================================
     * On CRAN (1)
    
     == Failed tests ================================================================
     -- Failure (test-zzz.R:7:3): onLoad works --------------------------------------
     `himach:::.onLoad()` produced output.
    
     [ FAIL 1 | WARN 0 | SKIP 1 | PASS 60 ]
     Error: Test failures
     Execution halted
Flavor: r-release-windows-ix86+x86_64