CRAN Package Check Results for Package hisse

Last updated on 2020-09-24 05:51:04 CEST.

Flavor Version Tinstall Tcheck Ttotal Status Flags
r-devel-linux-x86_64-debian-clang 1.9.8 49.04 307.77 356.81 OK
r-devel-linux-x86_64-debian-gcc 1.9.8 43.31 220.66 263.97 OK
r-devel-linux-x86_64-fedora-clang 1.9.8 438.46 OK
r-devel-linux-x86_64-fedora-gcc 1.9.8 447.14 OK
r-devel-windows-ix86+x86_64 1.9.8 130.00 356.00 486.00 NOTE
r-patched-linux-x86_64 1.9.8 46.14 287.57 333.71 OK
r-patched-solaris-x86 1.9.8 519.30 NOTE
r-release-linux-x86_64 1.9.8 50.77 282.87 333.64 OK
r-release-macos-x86_64 1.9.8 OK
r-release-windows-ix86+x86_64 1.9.8 111.00 380.00 491.00 NOTE
r-oldrel-macos-x86_64 1.9.8 OK
r-oldrel-windows-ix86+x86_64 1.9.8 91.00 338.00 429.00 OK

Check Details

Version: 1.9.8
Check: installed package size
Result: NOTE
     installed size is 5.0Mb
     sub-directories of 1Mb or more:
     doc 1.8Mb
     extdata 1.2Mb
Flavors: r-devel-windows-ix86+x86_64, r-patched-solaris-x86, r-release-windows-ix86+x86_64