Last updated on 2023-02-04 11:51:38 CET.
Flavor | Version | Tinstall | Tcheck | Ttotal | Status | Flags |
---|---|---|---|---|---|---|
r-devel-linux-x86_64-debian-clang | 0.4.0 | 30.10 | 101.17 | 131.27 | OK | |
r-devel-linux-x86_64-debian-gcc | 0.4.0 | 23.77 | 76.67 | 100.44 | OK | |
r-devel-linux-x86_64-fedora-clang | 0.4.0 | 166.62 | NOTE | |||
r-devel-linux-x86_64-fedora-gcc | 0.4.0 | 159.84 | NOTE | |||
r-devel-windows-x86_64 | 0.4.0 | 32.00 | 150.00 | 182.00 | OK | |
r-patched-linux-x86_64 | 0.4.0 | 25.93 | 100.27 | 126.20 | OK | |
r-release-linux-x86_64 | 0.4.0 | 25.28 | 101.94 | 127.22 | OK | |
r-release-macos-arm64 | 0.4.0 | 45.00 | OK | |||
r-release-macos-x86_64 | 0.4.0 | 63.00 | OK | |||
r-release-windows-x86_64 | 0.4.0 | 29.00 | 158.00 | 187.00 | OK | |
r-oldrel-macos-arm64 | 0.4.0 | 49.00 | OK | |||
r-oldrel-macos-x86_64 | 0.4.0 | 70.00 | OK | |||
r-oldrel-windows-ix86+x86_64 | 0.4.0 | 66.00 | 196.00 | 262.00 | OK |
Version: 0.4.0
Check: compiled code
Result: NOTE
File ‘hit/libs/hit.so’:
Found no calls to: ‘R_registerRoutines’, ‘R_useDynamicSymbols’
It is good practice to register native routines and to disable symbol
search.
See ‘Writing portable packages’ in the ‘Writing R Extensions’ manual.
Flavors: r-devel-linux-x86_64-fedora-clang, r-devel-linux-x86_64-fedora-gcc