Last updated on 2024-08-16 11:49:42 CEST.
Flavor | Version | Tinstall | Tcheck | Ttotal | Status | Flags |
---|---|---|---|---|---|---|
r-devel-linux-x86_64-debian-clang | 2.1.1 | 128.59 | 421.14 | 549.73 | OK | |
r-devel-linux-x86_64-debian-gcc | 2.1.1 | 84.44 | 220.04 | 304.48 | OK | |
r-devel-linux-x86_64-fedora-clang | 2.1.1 | 917.72 | OK | |||
r-devel-linux-x86_64-fedora-gcc | 2.1.1 | 974.91 | OK | |||
r-devel-windows-x86_64 | 2.1.1 | 109.00 | 321.00 | 430.00 | OK | |
r-patched-linux-x86_64 | 2.1.1 | 119.23 | 419.00 | 538.23 | OK | |
r-release-linux-x86_64 | 2.1.1 | 118.99 | 420.37 | 539.36 | OK | |
r-release-macos-arm64 | 2.1.1 | 251.00 | NOTE | |||
r-release-macos-x86_64 | 2.1.1 | 422.00 | NOTE | |||
r-release-windows-x86_64 | 2.1.1 | 109.00 | 383.00 | 492.00 | OK | |
r-oldrel-macos-arm64 | 2.1.1 | 277.00 | NOTE | |||
r-oldrel-macos-x86_64 | 2.1.1 | 481.00 | NOTE | |||
r-oldrel-windows-x86_64 | 2.1.1 | 140.00 | 568.00 | 708.00 | OK |
Version: 2.1.1
Check: installed package size
Result: NOTE
installed size is 11.5Mb
sub-directories of 1Mb or more:
libs 10.6Mb
Flavors: r-release-macos-arm64, r-release-macos-x86_64, r-oldrel-macos-arm64, r-oldrel-macos-x86_64