CRAN Package Check Results for Package hmlasso

Last updated on 2022-10-07 11:52:22 CEST.

Flavor Version Tinstall Tcheck Ttotal Status Flags
r-devel-linux-x86_64-debian-clang 0.0.1 31.71 93.97 125.68 WARN
r-devel-linux-x86_64-debian-gcc 0.0.1 21.67 70.60 92.27 NOTE
r-devel-linux-x86_64-fedora-clang 0.0.1 171.33 WARN
r-devel-linux-x86_64-fedora-gcc 0.0.1 169.92 NOTE
r-devel-windows-x86_64 0.0.1 29.00 138.00 167.00 NOTE
r-patched-linux-x86_64 0.0.1 23.25 89.53 112.78 NOTE
r-release-linux-x86_64 0.0.1 26.06 88.76 114.82 NOTE
r-release-macos-arm64 0.0.1 45.00 NOTE
r-release-macos-x86_64 0.0.1 59.00 NOTE
r-release-windows-x86_64 0.0.1 31.00 141.00 172.00 NOTE
r-oldrel-macos-arm64 0.0.1 52.00 NOTE
r-oldrel-macos-x86_64 0.0.1 70.00 NOTE
r-oldrel-windows-ix86+x86_64 0.0.1 67.00 155.00 222.00 NOTE

Additional issues

clang14

Check Details

Version: 0.0.1
Check: whether package can be installed
Result: WARN
    Found the following significant warnings:
     cda.cpp:29:13: warning: use of bitwise '&' with boolean operands [-Wbitwise-instead-of-logical]
Flavors: r-devel-linux-x86_64-debian-clang, r-devel-linux-x86_64-fedora-clang

Version: 0.0.1
Check: LazyData
Result: NOTE
     'LazyData' is specified without a 'data' directory
Flavors: r-devel-linux-x86_64-debian-clang, r-devel-linux-x86_64-debian-gcc, r-devel-linux-x86_64-fedora-clang, r-devel-linux-x86_64-fedora-gcc, r-devel-windows-x86_64, r-patched-linux-x86_64, r-release-linux-x86_64, r-release-macos-arm64, r-release-macos-x86_64, r-release-windows-x86_64, r-oldrel-macos-arm64, r-oldrel-macos-x86_64, r-oldrel-windows-ix86+x86_64

Version: 0.0.1
Check: dependencies in R code
Result: NOTE
    Namespace in Imports field not imported from: ‘MASS’
     All declared Imports should be used.
Flavors: r-devel-linux-x86_64-fedora-clang, r-devel-linux-x86_64-fedora-gcc, r-release-macos-arm64, r-release-macos-x86_64, r-oldrel-macos-arm64, r-oldrel-macos-x86_64