CRAN Package Check Results for Package hmm.discnp

Last updated on 2024-06-15 05:49:13 CEST.

Flavor Version Tinstall Tcheck Ttotal Status Flags
r-devel-linux-x86_64-debian-clang 3.0-9 10.47 69.48 79.95 NOTE
r-devel-linux-x86_64-debian-gcc 3.0-9 8.29 47.75 56.04 NOTE
r-devel-linux-x86_64-fedora-clang 3.0-9 95.08 NOTE
r-devel-linux-x86_64-fedora-gcc 3.0-9 89.68 NOTE
r-devel-windows-x86_64 3.0-9 15.00 76.00 91.00 NOTE
r-patched-linux-x86_64 3.0-9 11.78 65.01 76.79 NOTE
r-release-linux-x86_64 3.0-9 10.07 64.43 74.50 NOTE
r-release-macos-arm64 3.0-9 26.00 NOTE
r-release-macos-x86_64 3.0-9 48.00 NOTE
r-release-windows-x86_64 3.0-9 13.00 75.00 88.00 NOTE
r-oldrel-macos-arm64 3.0-9 31.00 OK
r-oldrel-macos-x86_64 3.0-9 50.00 OK
r-oldrel-windows-x86_64 3.0-9 12.00 83.00 95.00 OK

Check Details

Version: 3.0-9
Check: Rd files
Result: NOTE checkRd: (-1) nafracCalc.Rd:45: Lost braces 45 | as if code{y} were not of class \code{"multipleHmmDataSets"}. | ^ Flavors: r-devel-linux-x86_64-debian-clang, r-devel-linux-x86_64-debian-gcc, r-devel-linux-x86_64-fedora-clang, r-devel-linux-x86_64-fedora-gcc, r-devel-windows-x86_64, r-patched-linux-x86_64, r-release-linux-x86_64, r-release-macos-arm64, r-release-macos-x86_64, r-release-windows-x86_64