Last updated on 2024-03-29 00:50:50 CET.
Flavor | Version | Tinstall | Tcheck | Ttotal | Status | Flags |
---|---|---|---|---|---|---|
r-devel-linux-x86_64-debian-clang | 1.0-4 | 5.26 | 113.50 | 118.76 | NOTE | |
r-devel-linux-x86_64-debian-gcc | 1.0-4 | 4.76 | 88.98 | 93.74 | NOTE | |
r-devel-linux-x86_64-fedora-clang | 1.0-4 | 143.18 | NOTE | |||
r-devel-linux-x86_64-fedora-gcc | 1.0-4 | 159.88 | NOTE | |||
r-devel-windows-x86_64 | 1.0-4 | 5.00 | 134.00 | 139.00 | NOTE | |
r-patched-linux-x86_64 | 1.0-4 | 6.96 | 115.04 | 122.00 | NOTE | |
r-release-linux-x86_64 | 1.0-4 | 4.84 | 113.00 | 117.84 | OK | |
r-release-macos-arm64 | 1.0-4 | 93.00 | OK | |||
r-release-macos-x86_64 | 1.0-4 | 124.00 | OK | |||
r-release-windows-x86_64 | 1.0-4 | 8.00 | 142.00 | 150.00 | OK | |
r-oldrel-macos-arm64 | 1.0-4 | 79.00 | OK | |||
r-oldrel-windows-x86_64 | 1.0-4 | 9.00 | 152.00 | 161.00 | OK |
Version: 1.0-4
Check: Rd files
Result: NOTE
checkRd: (-1) hmmm.model.Rd:45: Lost braces; missing escapes or markup?
45 | with categories k_1, k_2, the joint frequencies y = {y_ij}, where i=1,...,k_1, j=1,...,k_2,
| ^
Flavors: r-devel-linux-x86_64-debian-clang, r-devel-linux-x86_64-debian-gcc, r-devel-linux-x86_64-fedora-clang, r-devel-linux-x86_64-fedora-gcc, r-devel-windows-x86_64, r-patched-linux-x86_64