CRAN Package Check Results for Package hoa

Last updated on 2021-06-20 11:51:19 CEST.

Flavor Version Tinstall Tcheck Ttotal Status Flags
r-devel-linux-x86_64-debian-clang 2.1.4.1 17.91 141.89 159.80 OK
r-devel-linux-x86_64-debian-gcc 2.1.4.1 14.16 103.69 117.85 OK
r-devel-linux-x86_64-fedora-clang 2.1.4.1 208.49 NOTE
r-devel-linux-x86_64-fedora-gcc 2.1.4.1 189.06 OK
r-devel-windows-x86_64 2.1.4.1 30.00 151.00 181.00 OK
r-devel-windows-x86_64-gcc10-UCRT 2.1.4.1 OK
r-patched-linux-x86_64 2.1.4.1 20.79 137.33 158.12 OK
r-patched-solaris-x86 2.1.4.1 233.10 OK
r-release-linux-x86_64 2.1.4.1 19.20 137.76 156.96 OK
r-release-macos-arm64 2.1.4.1 OK
r-release-macos-x86_64 2.1.4.1 OK
r-release-windows-ix86+x86_64 2.1.4.1 33.00 129.00 162.00 OK
r-oldrel-macos-x86_64 2.1.4.1 OK
r-oldrel-windows-ix86+x86_64 2.1.4.1 25.00 169.00 194.00 OK

Check Details

Version: 2.1.4.1
Check: Rd cross-references
Result: NOTE
    Undeclared packages ‘nlreg’, ‘cond’, ‘marg’ in Rd xrefs
Flavor: r-devel-linux-x86_64-fedora-clang