CRAN Package Check Results for Package hoardeR

Last updated on 2019-10-19 05:47:21 CEST.

Flavor Version Tinstall Tcheck Ttotal Status Flags
r-devel-linux-x86_64-debian-clang 0.9.4-2 24.20 208.90 233.10 OK
r-devel-linux-x86_64-debian-gcc 0.9.4-2 22.08 163.40 185.48 OK
r-devel-linux-x86_64-fedora-clang 0.9.4-2 287.94 NOTE
r-devel-linux-x86_64-fedora-gcc 0.9.4-2 244.27 NOTE
r-devel-windows-ix86+x86_64 0.9.4-2 63.00 197.00 260.00 OK
r-patched-linux-x86_64 0.9.4-2 21.48 196.72 218.20 OK
r-patched-solaris-x86 0.9.4-2 393.40 NOTE
r-release-linux-x86_64 0.9.4-2 21.33 197.70 219.03 OK
r-release-windows-ix86+x86_64 0.9.4-2 41.00 272.00 313.00 OK
r-release-osx-x86_64 0.9.4-2 ERROR
r-oldrel-windows-ix86+x86_64 0.9.4-2 26.00 177.00 203.00 OK
r-oldrel-osx-x86_64 0.9.4-2 ERROR

Check Details

Version: 0.9.4-2
Check: dependencies in R code
Result: NOTE
    Namespaces in Imports field not imported from:
     ‘knitr’ ‘rmarkdown’
     All declared Imports should be used.
Flavors: r-devel-linux-x86_64-fedora-clang, r-devel-linux-x86_64-fedora-gcc, r-patched-solaris-x86

Version: 0.9.4-2
Check: whether package can be installed
Result: ERROR
    Installation failed.
Flavor: r-release-osx-x86_64

Version: 0.9.4-2
Check: package dependencies
Result: ERROR
    Package required but not available: ‘Rsamtools’
    
    See section ‘The DESCRIPTION file’ in the ‘Writing R Extensions’
    manual.
Flavor: r-oldrel-osx-x86_64