Last updated on 2024-08-16 11:49:42 CEST.
Flavor | Version | Tinstall | Tcheck | Ttotal | Status | Flags |
---|---|---|---|---|---|---|
r-devel-linux-x86_64-debian-clang | 0.10 | 27.51 | 242.53 | 270.04 | OK | |
r-devel-linux-x86_64-debian-gcc | 0.10 | 20.07 | 170.12 | 190.19 | OK | |
r-devel-linux-x86_64-fedora-clang | 0.10 | 432.25 | NOTE | |||
r-devel-linux-x86_64-fedora-gcc | 0.10 | 419.39 | NOTE | |||
r-devel-windows-x86_64 | 0.10 | 27.00 | 214.00 | 241.00 | OK | |
r-patched-linux-x86_64 | 0.10 | 24.96 | 217.27 | 242.23 | OK | |
r-release-linux-x86_64 | 0.10 | 25.97 | 221.16 | 247.13 | OK | |
r-release-macos-arm64 | 0.10 | 130.00 | OK | |||
r-release-macos-x86_64 | 0.10 | 195.00 | OK | |||
r-release-windows-x86_64 | 0.10 | 27.00 | 222.00 | 249.00 | OK | |
r-oldrel-macos-arm64 | 0.10 | 13.00 | ERROR | |||
r-oldrel-macos-x86_64 | 0.10 | 221.00 | OK | |||
r-oldrel-windows-x86_64 | 0.10 | 35.00 | 278.00 | 313.00 | OK |
Version: 0.10
Check: dependencies in R code
Result: NOTE
Namespaces in Imports field not imported from:
‘knitr’ ‘rmarkdown’
All declared Imports should be used.
Flavors: r-devel-linux-x86_64-fedora-clang, r-devel-linux-x86_64-fedora-gcc
Version: 0.10
Check: whether package can be installed
Result: ERROR
Installation failed.
Flavor: r-oldrel-macos-arm64