CRAN Package Check Results for Package hpcwld

Last updated on 2021-10-28 11:51:28 CEST.

Flavor Version Tinstall Tcheck Ttotal Status Flags
r-devel-linux-x86_64-debian-clang 0.5 3.92 37.13 41.05 NOTE
r-devel-linux-x86_64-debian-gcc 0.5 3.16 29.33 32.49 NOTE
r-devel-linux-x86_64-fedora-clang 0.5 63.25 NOTE
r-devel-linux-x86_64-fedora-gcc 0.5 49.89 NOTE
r-devel-windows-x86_64 0.5 7.00 51.00 58.00 NOTE
r-devel-windows-x86_64-gcc10-UCRT 0.5 NOTE
r-patched-linux-x86_64 0.5 3.98 36.66 40.64 NOTE
r-patched-solaris-x86 0.5 76.20 NOTE
r-release-linux-x86_64 0.5 3.08 36.74 39.82 NOTE
r-release-macos-arm64 0.5 NOTE
r-release-macos-x86_64 0.5 NOTE
r-release-windows-ix86+x86_64 0.5 7.00 60.00 67.00 NOTE
r-oldrel-macos-x86_64 0.5 NOTE
r-oldrel-windows-ix86+x86_64 0.5 6.00 61.00 67.00 NOTE

Check Details

Version: 0.5
Check: R code for possible problems
Result: NOTE
    ApproxC: no visible global function definition for 'convolve'
    DMC: no visible global function definition for 'median'
    DMC: no visible global function definition for 'ecdf'
    ToSWF: no visible global function definition for 'write.table'
    Undefined global functions or variables:
     convolve ecdf median write.table
    Consider adding
     importFrom("stats", "convolve", "ecdf", "median")
     importFrom("utils", "write.table")
    to your NAMESPACE file.
Flavors: r-devel-linux-x86_64-debian-clang, r-devel-linux-x86_64-debian-gcc, r-devel-linux-x86_64-fedora-clang, r-devel-linux-x86_64-fedora-gcc, r-devel-windows-x86_64, r-devel-windows-x86_64-gcc10-UCRT, r-patched-linux-x86_64, r-patched-solaris-x86, r-release-linux-x86_64, r-release-macos-arm64, r-release-macos-x86_64, r-release-windows-ix86+x86_64, r-oldrel-macos-x86_64, r-oldrel-windows-ix86+x86_64

Version: 0.5
Check: for non-standard things in the check directory
Result: NOTE
    Found the following files/directories:
     'output.swf'
Flavors: r-devel-linux-x86_64-debian-clang, r-devel-linux-x86_64-debian-gcc, r-devel-linux-x86_64-fedora-clang, r-devel-linux-x86_64-fedora-gcc, r-patched-linux-x86_64, r-patched-solaris-x86, r-release-linux-x86_64