CRAN Package Check Results for Package hpiR

Last updated on 2019-07-16 05:48:16 CEST.

Flavor Version Tinstall Tcheck Ttotal Status Flags
r-devel-linux-x86_64-debian-clang 0.2.0 14.49 157.84 172.33 OK
r-devel-linux-x86_64-debian-gcc 0.2.0 14.52 117.42 131.94 OK
r-devel-linux-x86_64-fedora-clang 0.2.0 200.04 NOTE
r-devel-linux-x86_64-fedora-gcc 0.2.0 223.55 NOTE
r-devel-windows-ix86+x86_64 0.2.0 51.00 232.00 283.00 OK
r-patched-linux-x86_64 0.2.0 17.43 147.84 165.27 OK
r-patched-solaris-x86 0.2.0 327.30 NOTE
r-release-linux-x86_64 0.2.0 15.79 147.16 162.95 OK
r-release-windows-ix86+x86_64 0.2.0 35.00 255.00 290.00 OK
r-release-osx-x86_64 0.2.0 NOTE
r-oldrel-windows-ix86+x86_64 0.2.0 29.00 226.00 255.00 OK
r-oldrel-osx-x86_64 0.2.0 NOTE

Check Details

Version: 0.2.0
Check: dependencies in R code
Result: NOTE
    Namespace in Imports field not imported from: ‘knitr’
     All declared Imports should be used.
Flavors: r-devel-linux-x86_64-fedora-clang, r-devel-linux-x86_64-fedora-gcc, r-patched-solaris-x86, r-release-osx-x86_64, r-oldrel-osx-x86_64