CRAN Package Check Results for Package hpiR

Last updated on 2019-05-22 05:48:22 CEST.

Flavor Version Tinstall Tcheck Ttotal Status Flags
r-devel-linux-x86_64-debian-clang 0.2.0 13.67 158.02 171.69 OK
r-devel-linux-x86_64-debian-gcc 0.2.0 13.24 117.17 130.41 OK
r-devel-linux-x86_64-fedora-clang 0.2.0 200.83 NOTE
r-devel-linux-x86_64-fedora-gcc 0.2.0 193.53 NOTE
r-devel-windows-ix86+x86_64 0.2.0 30.00 253.00 283.00 OK
r-patched-linux-x86_64 0.2.0 14.03 151.27 165.30 OK
r-patched-solaris-x86 0.2.0 347.90 NOTE
r-release-linux-x86_64 0.2.0 16.30 151.17 167.47 OK
r-release-windows-ix86+x86_64 0.2.0 46.00 250.00 296.00 OK
r-release-osx-x86_64 0.2.0 NOTE
r-oldrel-windows-ix86+x86_64 0.2.0 18.00 162.00 180.00 OK
r-oldrel-osx-x86_64 0.2.0 NOTE

Check Details

Version: 0.2.0
Check: dependencies in R code
Result: NOTE
    Namespace in Imports field not imported from: ‘knitr’
     All declared Imports should be used.
Flavors: r-devel-linux-x86_64-fedora-clang, r-devel-linux-x86_64-fedora-gcc, r-patched-solaris-x86, r-release-osx-x86_64, r-oldrel-osx-x86_64