CRAN Package Check Results for Package hsphase

Last updated on 2021-05-15 23:49:16 CEST.

Flavor Version Tinstall Tcheck Ttotal Status Flags
r-devel-linux-x86_64-debian-clang 2.0.2 72.04 58.46 130.50 OK
r-devel-linux-x86_64-debian-gcc 2.0.2 48.18 43.87 92.05 OK
r-devel-linux-x86_64-fedora-clang 2.0.2 189.32 NOTE
r-devel-linux-x86_64-fedora-gcc 2.0.2 159.23 NOTE
r-devel-windows-ix86+x86_64 2.0.2 178.00 86.00 264.00 OK
r-devel-windows-x86_64-gcc10-UCRT 2.0.2 OK
r-patched-linux-x86_64 2.0.2 57.27 56.92 114.19 OK
r-patched-solaris-x86 2.0.2 156.10 OK
r-release-linux-x86_64 2.0.2 52.06 56.38 108.44 OK
r-release-macos-x86_64 2.0.2 OK
r-release-windows-ix86+x86_64 2.0.2 125.00 111.00 236.00 OK
r-oldrel-macos-x86_64 2.0.2 OK
r-oldrel-windows-ix86+x86_64 2.0.2 112.00 95.00 207.00 OK

Check Details

Version: 2.0.2
Check: compiled code
Result: NOTE
    File ‘hsphase/libs/hsphase.so’:
     Found no calls to: ‘R_registerRoutines’, ‘R_useDynamicSymbols’
    
    It is good practice to register native routines and to disable symbol
    search.
    
    See ‘Writing portable packages’ in the ‘Writing R Extensions’ manual.
Flavors: r-devel-linux-x86_64-fedora-clang, r-devel-linux-x86_64-fedora-gcc