CRAN Package Check Results for Package httk

Last updated on 2021-04-21 00:47:51 CEST.

Flavor Version Tinstall Tcheck Ttotal Status Flags
r-devel-linux-x86_64-debian-clang 2.0.3 25.74 274.44 300.18 WARN --no-vignettes
r-devel-linux-x86_64-debian-gcc 2.0.3 20.29 201.61 221.90 WARN --no-vignettes
r-devel-linux-x86_64-fedora-clang 2.0.3 874.66 WARN
r-devel-linux-x86_64-fedora-gcc 2.0.3 854.60 WARN
r-devel-windows-ix86+x86_64 2.0.3 47.00 761.00 808.00 WARN
r-devel-windows-x86_64-gcc10-UCRT 2.0.3 WARN
r-patched-linux-x86_64 2.0.3 22.41 260.11 282.52 OK --no-vignettes
r-patched-solaris-x86 2.0.3 1069.70 NOTE
r-release-linux-x86_64 2.0.3 20.97 261.58 282.55 OK --no-vignettes
r-release-macos-x86_64 2.0.3 NOTE
r-release-windows-ix86+x86_64 2.0.3 47.00 1009.00 1056.00 NOTE
r-oldrel-macos-x86_64 2.0.3 NOTE
r-oldrel-windows-ix86+x86_64 2.0.3 50.00 1029.00 1079.00 NOTE

Check Details

Version: 2.0.3
Flags: --no-vignettes
Check: LazyData
Result: WARN
     LazyData DB of 8.3 MB without LazyDataCompression set
     See §1.1.6 of 'Writing R Extensions'
Flavors: r-devel-linux-x86_64-debian-clang, r-devel-linux-x86_64-debian-gcc

Version: 2.0.3
Check: installed package size
Result: NOTE
     installed size is 11.9Mb
     sub-directories of 1Mb or more:
     data 8.3Mb
     doc 2.1Mb
Flavors: r-devel-linux-x86_64-fedora-clang, r-devel-windows-ix86+x86_64, r-patched-solaris-x86, r-release-macos-x86_64, r-release-windows-ix86+x86_64, r-oldrel-macos-x86_64, r-oldrel-windows-ix86+x86_64

Version: 2.0.3
Check: LazyData
Result: WARN
     LazyData DB of 8.3 MB without LazyDataCompression set
     See §1.1.6 of 'Writing R Extensions'
Flavors: r-devel-linux-x86_64-fedora-clang, r-devel-linux-x86_64-fedora-gcc, r-devel-windows-ix86+x86_64, r-devel-windows-x86_64-gcc10-UCRT