Last updated on 2023-03-31 11:54:12 CEST.
Flavor | Version | Tinstall | Tcheck | Ttotal | Status | Flags |
---|---|---|---|---|---|---|
r-devel-linux-x86_64-debian-clang | 0.6-0 | 14.54 | 144.56 | 159.10 | OK | |
r-devel-linux-x86_64-debian-gcc | 0.6-0 | 13.17 | 107.10 | 120.27 | OK | |
r-devel-linux-x86_64-fedora-clang | 0.6-0 | 196.50 | NOTE | |||
r-devel-linux-x86_64-fedora-gcc | 0.6-0 | 226.88 | OK | |||
r-devel-windows-x86_64 | 0.6-0 | 64.00 | 0.00 | 64.00 | OK | |
r-patched-linux-x86_64 | 0.6-0 | 16.41 | 136.56 | 152.97 | OK | |
r-release-linux-x86_64 | 0.6-0 | 14.72 | 136.05 | 150.77 | OK | |
r-release-macos-arm64 | 0.6-0 | 49.00 | OK | |||
r-release-macos-x86_64 | 0.6-0 | 102.00 | OK | |||
r-release-windows-x86_64 | 0.6-0 | 58.00 | 240.00 | 298.00 | OK | |
r-oldrel-macos-arm64 | 0.6-0 | 58.00 | OK | |||
r-oldrel-macos-x86_64 | 0.6-0 | 92.00 | OK | |||
r-oldrel-windows-ix86+x86_64 | 0.6-0 | 193.00 | 217.00 | 410.00 | OK |
Version: 0.6-0
Check: Rd cross-references
Result: NOTE
Undeclared package ‘rgdal’ in Rd xrefs
Flavor: r-devel-linux-x86_64-fedora-clang