Last updated on 2024-05-08 05:56:20 CEST.
Flavor | Version | Tinstall | Tcheck | Ttotal | Status | Flags |
---|---|---|---|---|---|---|
r-devel-linux-x86_64-debian-clang | 1.4.6 | 12.39 | 91.45 | 103.84 | NOTE | |
r-devel-linux-x86_64-debian-gcc | 1.4.6 | 9.32 | 103.50 | 112.82 | NOTE | |
r-devel-linux-x86_64-fedora-clang | 1.4.6 | 188.27 | NOTE | |||
r-devel-linux-x86_64-fedora-gcc | 1.4.6 | 246.33 | NOTE | |||
r-devel-windows-x86_64 | 1.4.6 | 15.00 | 128.00 | 143.00 | NOTE | |
r-patched-linux-x86_64 | 1.4.6 | 12.11 | 87.46 | 99.57 | NOTE | |
r-release-linux-x86_64 | 1.4.6 | 14.42 | 90.60 | 105.02 | NOTE | |
r-release-macos-arm64 | 1.4.6 | 58.00 | NOTE | |||
r-release-windows-x86_64 | 1.4.6 | 13.00 | 124.00 | 137.00 | NOTE | |
r-oldrel-macos-arm64 | 1.4.6 | 62.00 | OK | |||
r-oldrel-macos-x86_64 | 1.4.6 | 90.00 | OK | |||
r-oldrel-windows-x86_64 | 1.4.6 | 17.00 | 151.00 | 168.00 | OK |
Version: 1.4.6
Check: Rd files
Result: NOTE
checkRd: (-1) extractPeriod.Rd:57: Lost braces
57 | NOTE: all the dates in the datalist should follow the format in ?as.Date{base}.
| ^
Flavors: r-devel-linux-x86_64-debian-clang, r-devel-linux-x86_64-debian-gcc, r-devel-linux-x86_64-fedora-clang, r-devel-linux-x86_64-fedora-gcc, r-devel-windows-x86_64, r-patched-linux-x86_64, r-release-linux-x86_64, r-release-macos-arm64, r-release-windows-x86_64