Last updated on 2023-03-26 12:03:19 CEST.
Flavor | Version | Tinstall | Tcheck | Ttotal | Status | Flags |
---|---|---|---|---|---|---|
r-devel-linux-x86_64-debian-clang | 1.1.1 | 7.56 | 67.45 | 75.01 | OK | |
r-devel-linux-x86_64-debian-gcc | 1.1.1 | 5.66 | 51.48 | 57.14 | OK | |
r-devel-linux-x86_64-fedora-clang | 1.1.1 | 99.81 | NOTE | |||
r-devel-linux-x86_64-fedora-gcc | 1.1.1 | 98.36 | OK | |||
r-patched-linux-x86_64 | 1.1.1 | 5.94 | 64.25 | 70.19 | OK | |
r-release-linux-x86_64 | 1.1.1 | 6.48 | 67.40 | 73.88 | OK | |
r-release-macos-arm64 | 1.1.1 | 32.00 | NOTE | |||
r-release-macos-x86_64 | 1.1.1 | 59.00 | NOTE | |||
r-release-windows-x86_64 | 1.1.1 | 11.00 | 104.00 | 115.00 | NOTE | |
r-oldrel-macos-arm64 | 1.1.1 | 33.00 | NOTE | |||
r-oldrel-macos-x86_64 | 1.1.1 | 40.00 | NOTE | |||
r-oldrel-windows-ix86+x86_64 | 1.1.1 | 18.00 | 98.00 | 116.00 | NOTE |
Version: 1.1.1
Check: installed package size
Result: NOTE
installed size is 6.5Mb
sub-directories of 1Mb or more:
doc 6.4Mb
Flavors: r-devel-linux-x86_64-fedora-clang, r-release-macos-arm64, r-release-macos-x86_64, r-release-windows-x86_64, r-oldrel-macos-arm64, r-oldrel-macos-x86_64, r-oldrel-windows-ix86+x86_64
Version: 1.1.1
Check: package dependencies
Result: NOTE
Package suggested but not available for checking: ‘webshot2’
Flavors: r-release-macos-arm64, r-release-macos-x86_64, r-oldrel-macos-arm64, r-oldrel-macos-x86_64