CRAN Package Check Results for Package iNEXT

Last updated on 2024-06-13 18:49:53 CEST.

Flavor Version Tinstall Tcheck Ttotal Status Flags
r-devel-linux-x86_64-debian-clang 3.0.1 25.88 220.99 246.87 OK
r-devel-linux-x86_64-debian-gcc 3.0.1 0.64 1.77 2.41 ERROR
r-devel-linux-x86_64-fedora-clang 3.0.1 315.70 OK
r-devel-linux-x86_64-fedora-gcc 3.0.1 312.54 OK
r-devel-windows-x86_64 3.0.1 25.00 272.00 297.00 OK
r-patched-linux-x86_64 3.0.1 27.18 219.76 246.94 OK
r-release-linux-x86_64 3.0.1 22.22 211.20 233.42 OK
r-release-macos-arm64 3.0.1 83.00 OK
r-release-macos-x86_64 3.0.1 132.00 OK
r-release-windows-x86_64 3.0.1 26.00 285.00 311.00 OK
r-oldrel-macos-arm64 3.0.1 87.00 OK
r-oldrel-macos-x86_64 3.0.1 189.00 OK
r-oldrel-windows-x86_64 3.0.1 31.00 278.00 309.00 OK

Check Details

Version: 3.0.1
Check: package dependencies
Result: ERROR Packages required but not available: 'ggplot2', 'reshape2' Packages suggested but not available for checking: 'testthat', 'ggthemes' See section ‘The DESCRIPTION file’ in the ‘Writing R Extensions’ manual. Flavor: r-devel-linux-x86_64-debian-gcc