Last updated on 2024-03-29 06:56:29 CET.
Flavor | Version | Tinstall | Tcheck | Ttotal | Status | Flags |
---|---|---|---|---|---|---|
r-devel-linux-x86_64-debian-clang | 2.0.0 | 10.91 | 147.22 | 158.13 | OK | |
r-devel-linux-x86_64-debian-gcc | 2.0.0 | 7.01 | 109.25 | 116.26 | OK | |
r-devel-linux-x86_64-fedora-clang | 2.0.0 | 210.95 | NOTE | |||
r-devel-linux-x86_64-fedora-gcc | 2.0.0 | 188.58 | OK | |||
r-devel-windows-x86_64 | 2.0.0 | 8.00 | 117.00 | 125.00 | OK | |
r-patched-linux-x86_64 | 2.0.0 | 5.44 | 143.68 | 149.12 | OK | |
r-release-linux-x86_64 | 2.0.0 | 5.68 | 146.11 | 151.79 | OK | |
r-release-macos-arm64 | 2.0.0 | 62.00 | OK | |||
r-release-macos-x86_64 | 2.0.0 | 123.00 | OK | |||
r-release-windows-x86_64 | 2.0.0 | 11.00 | 152.00 | 163.00 | OK | |
r-oldrel-macos-arm64 | 2.0.0 | 56.00 | OK | |||
r-oldrel-windows-x86_64 | 2.0.0 | 12.00 | 161.00 | 173.00 | OK |
Version: 2.0.0
Check: Rd cross-references
Result: NOTE
Undeclared package ‘plotly’ in Rd xrefs
Flavor: r-devel-linux-x86_64-fedora-clang