CRAN Package Check Results for Package iRafNet

Last updated on 2023-06-08 01:02:31 CEST.

Flavor Version Tinstall Tcheck Ttotal Status Flags
r-devel-linux-x86_64-debian-clang 1.1-1 4.41 29.21 33.62 OK
r-devel-linux-x86_64-debian-gcc 1.1-1 3.55 22.69 26.24 OK
r-devel-linux-x86_64-fedora-clang 1.1-1 41.87 NOTE
r-devel-linux-x86_64-fedora-gcc 1.1-1 39.79 NOTE
r-devel-windows-x86_64 1.1-1 7.00 47.00 54.00 OK
r-patched-linux-x86_64 1.1-1 4.76 27.45 32.21 OK
r-release-linux-x86_64 1.1-1 3.28 28.16 31.44 OK
r-release-macos-arm64 1.1-1 20.00 OK
r-release-macos-x86_64 1.1-1 27.00 OK
r-release-windows-x86_64 1.1-1 6.00 47.00 53.00 OK
r-oldrel-macos-arm64 1.1-1 21.00 OK
r-oldrel-macos-x86_64 1.1-1 27.00 OK
r-oldrel-windows-x86_64 1.1-1 7.00 51.00 58.00 OK

Check Details

Version: 1.1-1
Check: compiled code
Result: NOTE
    File ‘iRafNet/libs/iRafNet.so’:
     Found no calls to: ‘R_registerRoutines’, ‘R_useDynamicSymbols’
    
    It is good practice to register native routines and to disable symbol
    search.
    
    See ‘Writing portable packages’ in the ‘Writing R Extensions’ manual.
Flavors: r-devel-linux-x86_64-fedora-clang, r-devel-linux-x86_64-fedora-gcc