CRAN Package Check Results for Package iRafNet

Last updated on 2024-05-20 17:57:33 CEST.

Flavor Version Tinstall Tcheck Ttotal Status Flags
r-devel-linux-x86_64-debian-clang 1.1-1 5.13 29.09 34.22 OK
r-devel-linux-x86_64-debian-gcc 1.1-1 3.38 22.68 26.06 OK
r-devel-linux-x86_64-fedora-clang 1.1-1 42.45 NOTE
r-devel-linux-x86_64-fedora-gcc 1.1-1 40.47 NOTE
r-devel-windows-x86_64 1.1-1 7.00 52.00 59.00 OK
r-patched-linux-x86_64 1.1-1 3.27 28.43 31.70 OK
r-release-linux-x86_64 1.1-1 4.18 28.30 32.48 OK
r-release-macos-arm64 1.1-1 19.00 OK
r-release-windows-x86_64 1.1-1 7.00 47.00 54.00 OK
r-oldrel-macos-arm64 1.1-1 20.00 OK
r-oldrel-macos-x86_64 1.1-1 27.00 OK
r-oldrel-windows-x86_64 1.1-1 9.00 50.00 59.00 OK

Check Details

Version: 1.1-1
Check: compiled code
Result: NOTE File ‘iRafNet/libs/iRafNet.so’: Found no calls to: ‘R_registerRoutines’, ‘R_useDynamicSymbols’ It is good practice to register native routines and to disable symbol search. See ‘Writing portable packages’ in the ‘Writing R Extensions’ manual. Flavors: r-devel-linux-x86_64-fedora-clang, r-devel-linux-x86_64-fedora-gcc