Last updated on 2025-04-30 12:49:06 CEST.
Flavor | Version | Tinstall | Tcheck | Ttotal | Status | Flags |
---|---|---|---|---|---|---|
r-devel-linux-x86_64-debian-clang | 1.0.1 | 10.16 | 88.81 | 98.97 | NOTE | |
r-devel-linux-x86_64-debian-gcc | 1.0.1 | 7.15 | 66.79 | 73.94 | NOTE | |
r-devel-linux-x86_64-fedora-clang | 1.0.1 | 169.14 | OK | |||
r-devel-linux-x86_64-fedora-gcc | 1.0.1 | 162.39 | OK | |||
r-devel-windows-x86_64 | 1.0.1 | 11.00 | 113.00 | 124.00 | OK | |
r-patched-linux-x86_64 | 1.0.1 | 9.13 | 86.04 | 95.17 | OK | |
r-release-linux-x86_64 | 1.0.1 | 8.80 | 86.08 | 94.88 | OK | |
r-release-macos-arm64 | 1.0.1 | 65.00 | OK | |||
r-release-macos-x86_64 | 1.0.1 | 104.00 | OK | |||
r-release-windows-x86_64 | 1.0.1 | 13.00 | 114.00 | 127.00 | OK | |
r-oldrel-macos-arm64 | 1.0.1 | 57.00 | OK | |||
r-oldrel-macos-x86_64 | 1.0.1 | 119.00 | OK | |||
r-oldrel-windows-x86_64 | 1.0.1 | 13.00 | 129.00 | 142.00 | OK |
Version: 1.0.1
Check: CRAN incoming feasibility
Result: NOTE
Maintainer: ‘Paul C Boutros <pboutros@mednet.ucla.edu>’
No Authors@R field in DESCRIPTION.
Please add one, modifying
Authors@R: c(person(given = "Natalie",
family = "Fox",
role = "aut"),
person(given = c("Paul", "C"),
family = "Boutros",
role = "cre",
email = "pboutros@mednet.ucla.edu"))
as necessary.
Flavors: r-devel-linux-x86_64-debian-clang, r-devel-linux-x86_64-debian-gcc