CRAN Package Check Results for Package ialiquor

Last updated on 2024-05-27 05:52:19 CEST.

Flavor Version Tinstall Tcheck Ttotal Status Flags
r-devel-linux-x86_64-debian-clang 0.1.0 4.12 36.02 40.14 OK
r-devel-linux-x86_64-debian-gcc 0.1.0 3.50 28.88 32.38 OK
r-devel-linux-x86_64-fedora-clang 0.1.0 52.81 OK
r-devel-linux-x86_64-fedora-gcc 0.1.0 63.47 OK
r-devel-windows-x86_64 0.1.0 4.00 49.00 53.00 OK
r-patched-linux-x86_64 0.1.0 4.29 35.42 39.71 OK
r-release-linux-x86_64 0.1.0 3.58 35.03 38.61 OK
r-release-macos-arm64 0.1.0 26.00 OK
r-release-windows-x86_64 0.1.0 6.00 49.00 55.00 OK
r-oldrel-macos-arm64 0.1.0 27.00 OK
r-oldrel-macos-x86_64 0.1.0 41.00 NOTE
r-oldrel-windows-x86_64 0.1.0 6.00 52.00 58.00 OK

Check Details

Version: 0.1.0
Check: installed package size
Result: NOTE installed size is 5.0Mb sub-directories of 1Mb or more: data 4.4Mb Flavor: r-oldrel-macos-x86_64