Last updated on 2024-08-16 11:49:42 CEST.
Flavor | Version | Tinstall | Tcheck | Ttotal | Status | Flags |
---|---|---|---|---|---|---|
r-devel-linux-x86_64-debian-clang | 1.51.0 | 19.47 | 102.32 | 121.79 | NOTE | |
r-devel-linux-x86_64-debian-gcc | 1.51.0 | 11.53 | 71.27 | 82.80 | NOTE | |
r-devel-linux-x86_64-fedora-clang | 1.51.0 | 194.45 | NOTE | |||
r-devel-linux-x86_64-fedora-gcc | 1.51.0 | 194.47 | NOTE | |||
r-devel-windows-x86_64 | 1.51.0 | 18.00 | 117.00 | 135.00 | NOTE | |
r-patched-linux-x86_64 | 1.51.0 | 17.71 | 95.39 | 113.10 | NOTE | |
r-release-linux-x86_64 | 1.51.0 | 18.12 | 96.15 | 114.27 | NOTE | |
r-release-macos-arm64 | 1.51.0 | 64.00 | NOTE | |||
r-release-macos-x86_64 | 1.51.0 | 90.00 | NOTE | |||
r-release-windows-x86_64 | 1.51.0 | 18.00 | 124.00 | 142.00 | NOTE | |
r-oldrel-macos-arm64 | 1.51.0 | 63.00 | NOTE | |||
r-oldrel-macos-x86_64 | 1.51.0 | 236.00 | NOTE | |||
r-oldrel-windows-x86_64 | 1.51.0 | 20.00 | 139.00 | 159.00 | NOTE |
Version: 1.51.0
Check: package dependencies
Result: NOTE
Package suggested but not available for checking: ‘SparkR’
Flavors: r-devel-linux-x86_64-debian-clang, r-devel-linux-x86_64-debian-gcc, r-devel-linux-x86_64-fedora-clang, r-devel-linux-x86_64-fedora-gcc, r-devel-windows-x86_64, r-patched-linux-x86_64, r-release-linux-x86_64, r-release-macos-arm64, r-release-macos-x86_64, r-release-windows-x86_64, r-oldrel-macos-arm64, r-oldrel-macos-x86_64, r-oldrel-windows-x86_64