CRAN Package Check Results for Package ibmdbR

Last updated on 2021-07-27 11:51:03 CEST.

Flavor Version Tinstall Tcheck Ttotal Status Flags
r-devel-linux-x86_64-debian-clang 1.50.0 22.31 143.11 165.42 NOTE
r-devel-linux-x86_64-debian-gcc 1.50.0 19.03 108.98 128.01 NOTE
r-devel-linux-x86_64-fedora-clang 1.50.0 209.33 NOTE
r-devel-linux-x86_64-fedora-gcc 1.50.0 199.19 NOTE
r-devel-windows-x86_64 1.50.0 35.00 171.00 206.00 OK
r-devel-windows-x86_64-gcc10-UCRT 1.50.0 NOTE
r-patched-linux-x86_64 1.50.0 19.74 135.29 155.03 NOTE
r-patched-solaris-x86 1.50.0 256.30 NOTE
r-release-linux-x86_64 1.50.0 23.92 135.88 159.80 NOTE
r-release-macos-arm64 1.50.0 ERROR
r-release-macos-x86_64 1.50.0 NOTE
r-release-windows-ix86+x86_64 1.50.0 44.00 127.00 171.00 OK
r-oldrel-macos-x86_64 1.50.0 OK
r-oldrel-windows-ix86+x86_64 1.50.0 29.00 171.00 200.00 OK

Check Details

Version: 1.50.0
Check: package dependencies
Result: NOTE
    Package suggested but not available for checking: 'SparkR'
Flavors: r-devel-linux-x86_64-debian-clang, r-devel-linux-x86_64-debian-gcc, r-devel-linux-x86_64-fedora-clang, r-devel-linux-x86_64-fedora-gcc, r-devel-windows-x86_64-gcc10-UCRT, r-patched-linux-x86_64, r-patched-solaris-x86, r-release-linux-x86_64, r-release-macos-x86_64

Version: 1.50.0
Check: package dependencies
Result: ERROR
    Package required but not available: ‘RODBC’
    
    See section ‘The DESCRIPTION file’ in the ‘Writing R Extensions’
    manual.
Flavor: r-release-macos-arm64