CRAN Package Check Results for Package icardaFIGSr

Last updated on 2022-10-07 05:51:57 CEST.

Flavor Version Tinstall Tcheck Ttotal Status Flags
r-devel-linux-x86_64-debian-clang 1.0.2 46.47 382.39 428.86 OK
r-devel-linux-x86_64-debian-gcc 1.0.2 37.33 276.81 314.14 OK
r-devel-linux-x86_64-fedora-clang 1.0.2 510.89 NOTE
r-devel-linux-x86_64-fedora-gcc 1.0.2 500.85 NOTE
r-devel-windows-x86_64 1.0.2 55.00 369.00 424.00 OK
r-patched-linux-x86_64 1.0.2 41.47 298.15 339.62 OK
r-release-linux-x86_64 1.0.2 31.52 360.66 392.18 OK
r-release-macos-arm64 1.0.2 99.00 NOTE
r-release-macos-x86_64 1.0.2 183.00 NOTE
r-release-windows-x86_64 1.0.2 51.00 363.00 414.00 OK
r-oldrel-macos-arm64 1.0.2 94.00 NOTE
r-oldrel-macos-x86_64 1.0.2 139.00 NOTE
r-oldrel-windows-ix86+x86_64 1.0.2 95.00 354.00 449.00 OK

Check Details

Version: 1.0.2
Check: dependencies in R code
Result: NOTE
    Namespace in Imports field not imported from: ‘methods’
     All declared Imports should be used.
Flavors: r-devel-linux-x86_64-fedora-clang, r-devel-linux-x86_64-fedora-gcc, r-release-macos-arm64, r-release-macos-x86_64, r-oldrel-macos-arm64, r-oldrel-macos-x86_64