CRAN Package Check Results for Package icecream

Last updated on 2022-01-22 11:51:01 CET.

Flavor Version Tinstall Tcheck Ttotal Status Flags
r-devel-linux-x86_64-debian-clang 0.2.0 1.81 32.43 34.24 OK
r-devel-linux-x86_64-debian-gcc 0.2.0 1.73 25.70 27.43 OK
r-devel-linux-x86_64-fedora-clang 0.2.0 43.73 NOTE
r-devel-linux-x86_64-fedora-gcc 0.2.0 32.00 OK
r-devel-windows-x86_64-new-UL 0.2.0 36.00 49.00 85.00 OK
r-devel-windows-x86_64-new-TK 0.2.0 OK
r-patched-linux-x86_64 0.2.0 2.54 31.92 34.46 OK
r-release-linux-x86_64 0.2.0 2.10 31.46 33.56 OK
r-release-macos-arm64 0.2.0 OK
r-release-macos-x86_64 0.2.0 OK
r-release-windows-ix86+x86_64 0.2.0 8.00 40.00 48.00 OK
r-oldrel-macos-x86_64 0.2.0 OK
r-oldrel-windows-ix86+x86_64 0.2.0 5.00 39.00 44.00 OK

Check Details

Version: 0.2.0
Check: Rd cross-references
Result: NOTE
    Undeclared package ‘tibble’ in Rd xrefs
Flavor: r-devel-linux-x86_64-fedora-clang