Last updated on 2025-01-13 17:50:31 CET.
Flavor | Version | Tinstall | Tcheck | Ttotal | Status | Flags |
---|---|---|---|---|---|---|
r-devel-linux-x86_64-debian-clang | 2.0.16 | 60.73 | 126.16 | 186.89 | OK | |
r-devel-linux-x86_64-debian-gcc | 2.0.16 | 46.93 | 92.21 | 139.14 | OK | |
r-devel-linux-x86_64-fedora-clang | 2.0.16 | 314.36 | OK | |||
r-devel-linux-x86_64-fedora-gcc | 2.0.16 | 350.92 | OK | |||
r-devel-windows-x86_64 | 2.0.16 | 58.00 | 256.00 | 314.00 | OK | |
r-patched-linux-x86_64 | 2.0.16 | 69.54 | 126.64 | 196.18 | OK | |
r-release-linux-x86_64 | 2.0.16 | 61.03 | 127.67 | 188.70 | OK | |
r-release-macos-arm64 | 2.0.16 | 94.00 | NOTE | |||
r-release-macos-x86_64 | 2.0.16 | 163.00 | NOTE | |||
r-release-windows-x86_64 | 2.0.16 | 60.00 | 258.00 | 318.00 | OK | |
r-oldrel-macos-arm64 | 2.0.16 | 121.00 | NOTE | |||
r-oldrel-macos-x86_64 | 2.0.16 | 261.00 | NOTE | |||
r-oldrel-windows-x86_64 | 2.0.16 | 72.00 | 287.00 | 359.00 | OK |
Version: 2.0.16
Check: installed package size
Result: NOTE
installed size is 19.3Mb
sub-directories of 1Mb or more:
libs 17.8Mb
Flavors: r-release-macos-arm64, r-release-macos-x86_64, r-oldrel-macos-arm64, r-oldrel-macos-x86_64