CRAN Package Check Results for Package icosa

Last updated on 2022-11-27 11:55:51 CET.

Flavor Version Tinstall Tcheck Ttotal Status Flags
r-devel-linux-x86_64-debian-clang 0.10.1 58.88 250.28 309.16 OK
r-devel-linux-x86_64-debian-gcc 0.10.1 41.33 194.13 235.46 OK
r-devel-linux-x86_64-fedora-clang 0.10.1 415.17 OK
r-devel-linux-x86_64-fedora-gcc 0.10.1 602.75 NOTE
r-devel-windows-x86_64 0.10.1 87.00 146.00 233.00 OK --no-vignettes
r-patched-linux-x86_64 0.10.1 40.18 230.46 270.64 OK
r-release-linux-x86_64 0.10.1 42.61 257.46 300.07 OK
r-release-macos-arm64 0.10.1 192.00 WARN
r-release-macos-x86_64 0.10.1 218.00 WARN
r-release-windows-x86_64 0.10.1 97.00 164.00 261.00 OK --no-vignettes
r-oldrel-macos-arm64 0.10.1 111.00 OK
r-oldrel-macos-x86_64 0.10.1 200.00 OK
r-oldrel-windows-ix86+x86_64 0.10.1 120.00 174.00 294.00 OK --no-vignettes

Check Details

Version: 0.10.1
Check: for detritus in the temp directory
Result: NOTE
    Found the following files/directories:
     ‘Crashpad’
Flavor: r-devel-linux-x86_64-fedora-gcc

Version: 0.10.1
Check: for missing documentation entries
Result: WARN
    Undocumented S4 methods:
     generic 'values<-' and siglist 'gridlayer,ANY'
    All user-level objects in a package (including S4 classes and methods)
    should have documentation entries.
    See chapter ‘Writing R documentation files’ in the ‘Writing R
    Extensions’ manual.
Flavors: r-release-macos-arm64, r-release-macos-x86_64