Last updated on 2023-03-30 05:49:11 CEST.
Flavor | Version | Tinstall | Tcheck | Ttotal | Status | Flags |
---|---|---|---|---|---|---|
r-devel-linux-x86_64-debian-clang | 1.5.3 | 5.55 | 40.07 | 45.62 | NOTE | |
r-devel-linux-x86_64-debian-gcc | 1.5.3 | 3.66 | 31.15 | 34.81 | NOTE | |
r-devel-linux-x86_64-fedora-clang | 1.5.3 | 61.03 | NOTE | |||
r-devel-linux-x86_64-fedora-gcc | 1.5.3 | 56.83 | NOTE | |||
r-devel-windows-x86_64 | 1.5.3 | 31.00 | 0.00 | 31.00 | NOTE | |
r-patched-linux-x86_64 | 1.5.3 | 5.90 | 39.13 | 45.03 | NOTE | |
r-release-linux-x86_64 | 1.5.3 | 6.36 | 41.84 | 48.20 | NOTE | |
r-release-macos-arm64 | 1.5.3 | 29.00 | NOTE | |||
r-release-macos-x86_64 | 1.5.3 | 40.00 | NOTE | |||
r-release-windows-x86_64 | 1.5.3 | 13.00 | 68.00 | 81.00 | NOTE | |
r-oldrel-macos-arm64 | 1.5.3 | 43.00 | NOTE | |||
r-oldrel-macos-x86_64 | 1.5.3 | 78.00 | NOTE | |||
r-oldrel-windows-ix86+x86_64 | 1.5.3 | 9.00 | 60.00 | 69.00 | OK |
Version: 1.5.3
Check: package dependencies
Result: NOTE
Package suggested but not available for checking: ‘rggobi’
Flavors: r-devel-linux-x86_64-debian-clang, r-devel-linux-x86_64-debian-gcc, r-devel-linux-x86_64-fedora-clang, r-devel-linux-x86_64-fedora-gcc, r-devel-windows-x86_64, r-patched-linux-x86_64, r-release-linux-x86_64, r-release-macos-arm64, r-release-macos-x86_64, r-release-windows-x86_64, r-oldrel-macos-arm64, r-oldrel-macos-x86_64