Last updated on 2023-03-30 13:51:43 CEST.
Flavor | Version | Tinstall | Tcheck | Ttotal | Status | Flags |
---|---|---|---|---|---|---|
r-devel-linux-x86_64-debian-clang | 1.0.3 | 3.85 | 58.20 | 62.05 | OK | |
r-devel-linux-x86_64-debian-gcc | 1.0.3 | 2.84 | 45.69 | 48.53 | OK | |
r-devel-linux-x86_64-fedora-clang | 1.0.3 | 78.42 | NOTE | |||
r-devel-linux-x86_64-fedora-gcc | 1.0.3 | 88.09 | NOTE | |||
r-devel-windows-x86_64 | 1.0.3 | 87.00 | 0.00 | 87.00 | OK | |
r-patched-linux-x86_64 | 1.0.3 | 3.95 | 56.53 | 60.48 | OK | |
r-release-linux-x86_64 | 1.0.3 | 3.57 | 56.35 | 59.92 | OK | |
r-release-macos-arm64 | 1.0.3 | 131.00 | OK | |||
r-release-macos-x86_64 | 1.0.3 | 135.00 | OK | |||
r-release-windows-x86_64 | 1.0.3 | 93.00 | 104.00 | 197.00 | OK | |
r-oldrel-macos-arm64 | 1.0.3 | 114.00 | OK | |||
r-oldrel-macos-x86_64 | 1.0.3 | 143.00 | OK | |||
r-oldrel-windows-ix86+x86_64 | 1.0.3 | 9.00 | 92.00 | 101.00 | OK |
Version: 1.0.3
Check: data for non-ASCII characters
Result: NOTE
Note: found 4 marked UTF-8 strings
Flavors: r-devel-linux-x86_64-fedora-clang, r-devel-linux-x86_64-fedora-gcc