CRAN Package Check Results for Package iemisc

Last updated on 2023-03-26 17:49:44 CEST.

Flavor Version Tinstall Tcheck Ttotal Status Flags
r-devel-linux-x86_64-debian-clang 1.0.2 34.89 394.90 429.79 OK
r-devel-linux-x86_64-debian-gcc 1.0.2 28.05 346.38 374.43 OK
r-devel-linux-x86_64-fedora-clang 1.0.2 643.29 NOTE
r-devel-linux-x86_64-fedora-gcc 1.0.2 640.62 OK
r-patched-linux-x86_64 1.0.2 49.70 346.30 396.00 OK
r-release-linux-x86_64 1.0.2 33.30 426.12 459.42 OK
r-release-macos-arm64 1.0.2 120.00 OK
r-release-macos-x86_64 1.0.2 209.00 OK
r-release-windows-x86_64 1.0.2 132.00 541.00 673.00 OK
r-oldrel-macos-arm64 1.0.2 151.00 OK
r-oldrel-macos-x86_64 1.0.2 232.00 OK
r-oldrel-windows-ix86+x86_64 1.0.2 70.00 484.00 554.00 WARN

Check Details

Version: 1.0.2
Check: package dependencies
Result: NOTE
    Imports includes 32 non-default packages.
    Importing from so many packages makes the package vulnerable to any of
    them becoming unavailable. Move as many as possible to Suggests and
    use conditionally.
Flavor: r-devel-linux-x86_64-fedora-clang

Version: 1.0.2
Check: re-building of vignette outputs
Result: WARN
    Error(s) in re-building vignettes:
    --- re-building 'Air_Stripper.Rmd' using rmarkdown
    trying URL 'https://i.creativecommons.org/l/by-sa/4.0/88x31.png'
    Content type 'image/png' length 1515 bytes
    ==================================================
    downloaded 1515 bytes
    
    ! libpng error: PNG file corrupted by ASCII conversion
    
    ! xdvipdfmx:fatal: File ended prematurely
    
    ! Output file removed.
    
    Error: processing vignette 'Air_Stripper.Rmd' failed with diagnostics:
    LaTeX failed to compile d:/RCompile/CRANpkg/local/4.1/iemisc.Rcheck/vign_test/iemisc/vignettes/Air_Stripper.tex. See https://yihui.org/tinytex/r/#debugging for debugging tips. See Air_Stripper.log for more info.
    --- failed re-building 'Air_Stripper.Rmd'
    
    --- re-building 'Comparing_Manningtrap.Rmd' using rmarkdown
    trying URL 'https://i.creativecommons.org/l/by-sa/4.0/88x31.png'
    Content type 'image/png' length 1515 bytes
    ==================================================
    downloaded 1515 bytes
    
    ! libpng error: PNG file corrupted by ASCII conversion
    
    ! xdvipdfmx:fatal: File ended prematurely
    
    ! Output file removed.
    
    Error: processing vignette 'Comparing_Manningtrap.Rmd' failed with diagnostics:
    LaTeX failed to compile d:/RCompile/CRANpkg/local/4.1/iemisc.Rcheck/vign_test/iemisc/vignettes/Comparing_Manningtrap.tex. See https://yihui.org/tinytex/r/#debugging for debugging tips. See Comparing_Manningtrap.log for more info.
    --- failed re-building 'Comparing_Manningtrap.Rmd'
    
    --- re-building 'Comparing_Saturated_Vapor_Pressures.Rmd' using rmarkdown
    trying URL 'https://i.creativecommons.org/l/by-sa/4.0/88x31.png'
    Content type 'image/png' length 1515 bytes
    ==================================================
    downloaded 1515 bytes
    
    ! libpng error: PNG file corrupted by ASCII conversion
    
    ! xdvipdfmx:fatal: File ended prematurely
    
    ! Output file removed.
    
    Error: processing vignette 'Comparing_Saturated_Vapor_Pressures.Rmd' failed with diagnostics:
    LaTeX failed to compile d:/RCompile/CRANpkg/local/4.1/iemisc.Rcheck/vign_test/iemisc/vignettes/Comparing_Saturated_Vapor_Pressures.tex. See https://yihui.org/tinytex/r/#debugging for debugging tips. See Comparing_Saturated_Vapor_Pressures.log for more info.
    --- failed re-building 'Comparing_Saturated_Vapor_Pressures.Rmd'
    
    --- re-building 'Construction_Measurement_Examples.Rmd' using rmarkdown
    trying URL 'https://i.creativecommons.org/l/by-sa/4.0/88x31.png'
    Content type 'image/png' length 1515 bytes
    ==================================================
    downloaded 1515 bytes
    
    ! libpng error: PNG file corrupted by ASCII conversion
    
    ! xdvipdfmx:fatal: File ended prematurely
    
    ! Output file removed.
    
    Error: processing vignette 'Construction_Measurement_Examples.Rmd' failed with diagnostics:
    LaTeX failed to compile d:/RCompile/CRANpkg/local/4.1/iemisc.Rcheck/vign_test/iemisc/vignettes/Construction_Measurement_Examples.tex. See https://yihui.org/tinytex/r/#debugging for debugging tips. See Construction_Measurement_Examples.log for more info.
    --- failed re-building 'Construction_Measurement_Examples.Rmd'
    
    --- re-building 'Engineering_Survey_Examples.Rmd' using rmarkdown
    trying URL 'https://i.creativecommons.org/l/by-sa/4.0/88x31.png'
    Content type 'image/png' length 1515 bytes
    ==================================================
    downloaded 1515 bytes
    
    ! libpng error: PNG file corrupted by ASCII conversion
    
    ! xdvipdfmx:fatal: File ended prematurely
    
    ! Output file removed.
    
    Error: processing vignette 'Engineering_Survey_Examples.Rmd' failed with diagnostics:
    LaTeX failed to compile d:/RCompile/CRANpkg/local/4.1/iemisc.Rcheck/vign_test/iemisc/vignettes/Engineering_Survey_Examples.tex. See https://yihui.org/tinytex/r/#debugging for debugging tips. See Engineering_Survey_Examples.log for more info.
    --- failed re-building 'Engineering_Survey_Examples.Rmd'
    
    --- re-building 'Friction_Loss_Calculation_Examples.Rmd' using rmarkdown
    Quitting from lines 155-283 (Friction_Loss_Calculation_Examples.Rmd)
    Error: processing vignette 'Friction_Loss_Calculation_Examples.Rmd' failed with diagnostics:
    object 'result_table_SI' not found
    --- failed re-building 'Friction_Loss_Calculation_Examples.Rmd'
    
    --- re-building 'GNU-Octave_Rem_Mod_fractdiff_Examples.Rmd' using rmarkdown
    trying URL 'https://i.creativecommons.org/l/by-sa/4.0/88x31.png'
    Content type 'image/png' length 1515 bytes
    ==================================================
    downloaded 1515 bytes
    
    ! libpng error: PNG file corrupted by ASCII conversion
    
    ! xdvipdfmx:fatal: File ended prematurely
    
    ! Output file removed.
    
    Error: processing vignette 'GNU-Octave_Rem_Mod_fractdiff_Examples.Rmd' failed with diagnostics:
    LaTeX failed to compile d:/RCompile/CRANpkg/local/4.1/iemisc.Rcheck/vign_test/iemisc/vignettes/GNU-Octave_Rem_Mod_fractdiff_Examples.tex. See https://yihui.org/tinytex/r/#debugging for debugging tips. See GNU-Octave_Rem_Mod_fractdiff_Examples.log for more info.
    --- failed re-building 'GNU-Octave_Rem_Mod_fractdiff_Examples.Rmd'
    
    --- re-building 'GNU-Octave_cosd_Function_Examples.Rmd' using rmarkdown
    trying URL 'https://i.creativecommons.org/l/by-sa/4.0/88x31.png'
    Content type 'image/png' length 1515 bytes
    ==================================================
    downloaded 1515 bytes
    
    ! libpng error: PNG file corrupted by ASCII conversion
    
    ! xdvipdfmx:fatal: File ended prematurely
    
    ! Output file removed.
    
    Error: processing vignette 'GNU-Octave_cosd_Function_Examples.Rmd' failed with diagnostics:
    LaTeX failed to compile d:/RCompile/CRANpkg/local/4.1/iemisc.Rcheck/vign_test/iemisc/vignettes/GNU-Octave_cosd_Function_Examples.tex. See https://yihui.org/tinytex/r/#debugging for debugging tips. See GNU-Octave_cosd_Function_Examples.log for more info.
    --- failed re-building 'GNU-Octave_cosd_Function_Examples.Rmd'
    
    --- re-building 'GNU-Octave_size_Function_Examples.Rmd' using rmarkdown
    trying URL 'https://i.creativecommons.org/l/by-sa/4.0/88x31.png'
    Content type 'image/png' length 1515 bytes
    ==================================================
    downloaded 1515 bytes
    
    ! libpng error: PNG file corrupted by ASCII conversion
    
    ! xdvipdfmx:fatal: Reading DVI file failed!
    
    ! Output file removed.
    
    Error: processing vignette 'GNU-Octave_size_Function_Examples.Rmd' failed with diagnostics:
    LaTeX failed to compile d:/RCompile/CRANpkg/local/4.1/iemisc.Rcheck/vign_test/iemisc/vignettes/GNU-Octave_size_Function_Examples.tex. See https://yihui.org/tinytex/r/#debugging for debugging tips. See GNU-Octave_size_Function_Examples.log for more info.
    --- failed re-building 'GNU-Octave_size_Function_Examples.Rmd'
    
    --- re-building 'Open-Channel-Flow_Examples_Geometric_Shapes.Rmd' using rmarkdown
    trying URL 'https://i.creativecommons.org/l/by-sa/4.0/88x31.png'
    Content type 'image/png' length 1515 bytes
    ==================================================
    downloaded 1515 bytes
    
    ! libpng error: PNG file corrupted by ASCII conversion
    
    ! xdvipdfmx:fatal: File ended prematurely
    
    ! Output file removed.
    
    Error: processing vignette 'Open-Channel-Flow_Examples_Geometric_Shapes.Rmd' failed with diagnostics:
    LaTeX failed to compile d:/RCompile/CRANpkg/local/4.1/iemisc.Rcheck/vign_test/iemisc/vignettes/Open-Channel-Flow_Examples_Geometric_Shapes.tex. See https://yihui.org/tinytex/r/#debugging for debugging tips. See Open-Channel-Flow_Examples_Geometric_Shapes.log for more info.
    --- failed re-building 'Open-Channel-Flow_Examples_Geometric_Shapes.Rmd'
    
    --- re-building 'Reynolds_number_Calculation_Examples.Rmd' using rmarkdown
    trying URL 'https://i.creativecommons.org/l/by-sa/4.0/88x31.png'
    Content type 'image/png' length 1515 bytes
    ==================================================
    downloaded 1515 bytes
    
    ! libpng error: PNG file corrupted by ASCII conversion
    
    ! xdvipdfmx:fatal: File ended prematurely
    
    ! Output file removed.
    
    Error: processing vignette 'Reynolds_number_Calculation_Examples.Rmd' failed with diagnostics:
    LaTeX failed to compile d:/RCompile/CRANpkg/local/4.1/iemisc.Rcheck/vign_test/iemisc/vignettes/Reynolds_number_Calculation_Examples.tex. See https://yihui.org/tinytex/r/#debugging for debugging tips. See Reynolds_number_Calculation_Examples.log for more info.
    --- failed re-building 'Reynolds_number_Calculation_Examples.Rmd'
    
    --- re-building 'secprop_R_GNU-Octave_Example.Rmd' using rmarkdown
    trying URL 'https://i.creativecommons.org/l/by-sa/4.0/88x31.png'
    Content type 'image/png' length 1515 bytes
    ==================================================
    downloaded 1515 bytes
    
    ! libpng error: PNG file corrupted by ASCII conversion
    
    ! xdvipdfmx:fatal: File ended prematurely
    
    ! Output file removed.
    
    Error: processing vignette 'secprop_R_GNU-Octave_Example.Rmd' failed with diagnostics:
    LaTeX failed to compile d:/RCompile/CRANpkg/local/4.1/iemisc.Rcheck/vign_test/iemisc/vignettes/secprop_R_GNU-Octave_Example.tex. See https://yihui.org/tinytex/r/#debugging for debugging tips. See secprop_R_GNU-Octave_Example.log for more info.
    --- failed re-building 'secprop_R_GNU-Octave_Example.Rmd'
    
    SUMMARY: processing the following files failed:
     'Air_Stripper.Rmd' 'Comparing_Manningtrap.Rmd'
     'Comparing_Saturated_Vapor_Pressures.Rmd'
     'Construction_Measurement_Examples.Rmd'
     'Engineering_Survey_Examples.Rmd'
     'Friction_Loss_Calculation_Examples.Rmd'
     'GNU-Octave_Rem_Mod_fractdiff_Examples.Rmd'
     'GNU-Octave_cosd_Function_Examples.Rmd'
     'GNU-Octave_size_Function_Examples.Rmd'
     'Open-Channel-Flow_Examples_Geometric_Shapes.Rmd'
     'Reynolds_number_Calculation_Examples.Rmd'
     'secprop_R_GNU-Octave_Example.Rmd'
    
    Error: Vignette re-building failed.
    Execution halted
Flavor: r-oldrel-windows-ix86+x86_64