Last updated on 2024-03-29 11:53:55 CET.
Flavor | Version | Tinstall | Tcheck | Ttotal | Status | Flags |
---|---|---|---|---|---|---|
r-devel-linux-x86_64-debian-clang | 0.3.3 | 8.17 | 76.64 | 84.81 | OK | |
r-devel-linux-x86_64-debian-gcc | 0.3.3 | 5.62 | 57.83 | 63.45 | OK | |
r-devel-linux-x86_64-fedora-clang | 0.3.3 | 107.14 | NOTE | |||
r-devel-linux-x86_64-fedora-gcc | 0.3.3 | 112.57 | NOTE | |||
r-devel-windows-x86_64 | 0.3.3 | 8.00 | 75.00 | 83.00 | OK | |
r-patched-linux-x86_64 | 0.3.3 | 6.86 | 74.55 | 81.41 | OK | |
r-release-linux-x86_64 | 0.3.3 | 4.40 | 71.23 | 75.63 | OK | |
r-release-macos-arm64 | 0.3.3 | 40.00 | OK | |||
r-release-macos-x86_64 | 0.3.3 | 59.00 | OK | |||
r-release-windows-x86_64 | 0.3.3 | 9.00 | 84.00 | 93.00 | OK | |
r-oldrel-macos-arm64 | 0.3.3 | 31.00 | NOTE | |||
r-oldrel-windows-x86_64 | 0.3.3 | 9.00 | 91.00 | 100.00 | OK |
Version: 0.3.3
Check: dependencies in R code
Result: NOTE
Namespaces in Imports field not imported from:
‘kableExtra’ ‘knitr’ ‘xtable’
All declared Imports should be used.
Flavors: r-devel-linux-x86_64-fedora-clang, r-devel-linux-x86_64-fedora-gcc, r-oldrel-macos-arm64