CRAN Package Check Results for Package ihpdr

Last updated on 2021-04-15 05:47:57 CEST.

Flavor Version Tinstall Tcheck Ttotal Status Flags
r-devel-linux-x86_64-debian-clang 1.2.1 5.93 57.49 63.42 NOTE
r-devel-linux-x86_64-debian-gcc 1.2.1 4.90 45.31 50.21 NOTE
r-devel-linux-x86_64-fedora-clang 1.2.1 86.97 NOTE
r-devel-linux-x86_64-fedora-gcc 1.2.1 74.21 NOTE
r-devel-windows-ix86+x86_64 1.2.1 15.00 82.00 97.00 NOTE
r-devel-windows-x86_64-gcc10-UCRT 1.2.1 NOTE
r-patched-linux-x86_64 1.2.1 6.57 55.44 62.01 OK
r-patched-solaris-x86 1.2.1 109.70 OK
r-release-linux-x86_64 1.2.1 6.08 54.87 60.95 OK
r-release-macos-x86_64 1.2.1 OK
r-release-windows-ix86+x86_64 1.2.1 15.00 80.00 95.00 OK
r-oldrel-macos-x86_64 1.2.1 OK
r-oldrel-windows-ix86+x86_64 1.2.1 9.00 57.00 66.00 OK

Check Details

Version: 1.2.1
Check: LazyData
Result: NOTE
     'LazyData' is specified without a 'data' directory
Flavors: r-devel-linux-x86_64-debian-clang, r-devel-linux-x86_64-debian-gcc, r-devel-linux-x86_64-fedora-clang, r-devel-linux-x86_64-fedora-gcc, r-devel-windows-ix86+x86_64, r-devel-windows-x86_64-gcc10-UCRT