CRAN Package Check Results for Package ihs

Last updated on 2019-06-23 11:48:11 CEST.

Flavor Version Tinstall Tcheck Ttotal Status Flags
r-devel-linux-x86_64-debian-clang 1.0 2.09 24.52 26.61 NOTE
r-devel-linux-x86_64-debian-gcc 1.0 2.05 20.19 22.24 NOTE
r-devel-linux-x86_64-fedora-clang 1.0 32.78 NOTE
r-devel-linux-x86_64-fedora-gcc 1.0 31.31 NOTE
r-devel-windows-ix86+x86_64 1.0 7.00 39.00 46.00 NOTE
r-patched-linux-x86_64 1.0 2.51 24.60 27.11 NOTE
r-patched-solaris-x86 1.0 51.40 NOTE
r-release-linux-x86_64 1.0 2.62 24.65 27.27 NOTE
r-release-windows-ix86+x86_64 1.0 5.00 50.00 55.00 NOTE
r-release-osx-x86_64 1.0 NOTE
r-oldrel-windows-ix86+x86_64 1.0 3.00 51.00 54.00 NOTE
r-oldrel-osx-x86_64 1.0 NOTE

Check Details

Version: 1.0
Check: R code for possible problems
Result: NOTE
    ihs.mle: no visible global function definition for 'as.formula'
    pihs: no visible global function definition for 'pnorm'
    qihs: no visible global function definition for 'qnorm'
    rihs: no visible global function definition for 'rnorm'
    Undefined global functions or variables:
     as.formula pnorm qnorm rnorm
    Consider adding
     importFrom("stats", "as.formula", "pnorm", "qnorm", "rnorm")
    to your NAMESPACE file.
Flavors: r-devel-linux-x86_64-debian-clang, r-devel-linux-x86_64-debian-gcc, r-devel-linux-x86_64-fedora-clang, r-devel-linux-x86_64-fedora-gcc, r-devel-windows-ix86+x86_64, r-patched-linux-x86_64, r-patched-solaris-x86, r-release-linux-x86_64, r-release-windows-ix86+x86_64, r-release-osx-x86_64, r-oldrel-windows-ix86+x86_64, r-oldrel-osx-x86_64