CRAN Package Check Results for Package ihs

Last updated on 2019-09-23 17:47:07 CEST.

Flavor Version Tinstall Tcheck Ttotal Status Flags
r-devel-linux-x86_64-debian-clang 1.0 2.64 24.25 26.89 NOTE
r-devel-linux-x86_64-debian-gcc 1.0 2.10 19.91 22.01 NOTE
r-devel-linux-x86_64-fedora-clang 1.0 33.35 NOTE
r-devel-linux-x86_64-fedora-gcc 1.0 32.49 NOTE
r-devel-windows-ix86+x86_64 1.0 8.00 61.00 69.00 NOTE
r-patched-linux-x86_64 1.0 2.39 23.94 26.33 NOTE
r-patched-solaris-x86 1.0 50.70 NOTE
r-release-linux-x86_64 1.0 2.23 24.10 26.33 NOTE
r-release-windows-ix86+x86_64 1.0 10.00 56.00 66.00 NOTE
r-release-osx-x86_64 1.0 NOTE
r-oldrel-windows-ix86+x86_64 1.0 4.00 39.00 43.00 NOTE
r-oldrel-osx-x86_64 1.0 NOTE

Check Details

Version: 1.0
Check: R code for possible problems
Result: NOTE
    ihs.mle: no visible global function definition for 'as.formula'
    pihs: no visible global function definition for 'pnorm'
    qihs: no visible global function definition for 'qnorm'
    rihs: no visible global function definition for 'rnorm'
    Undefined global functions or variables:
     as.formula pnorm qnorm rnorm
    Consider adding
     importFrom("stats", "as.formula", "pnorm", "qnorm", "rnorm")
    to your NAMESPACE file.
Flavors: r-devel-linux-x86_64-debian-clang, r-devel-linux-x86_64-debian-gcc, r-devel-linux-x86_64-fedora-clang, r-devel-linux-x86_64-fedora-gcc, r-devel-windows-ix86+x86_64, r-patched-linux-x86_64, r-patched-solaris-x86, r-release-linux-x86_64, r-release-windows-ix86+x86_64, r-release-osx-x86_64, r-oldrel-windows-ix86+x86_64, r-oldrel-osx-x86_64