Last updated on 2021-01-19 00:47:24 CET.
Flavor | Version | Tinstall | Tcheck | Ttotal | Status | Flags |
---|---|---|---|---|---|---|
r-devel-linux-x86_64-debian-clang | 0.1.1 | 24.14 | 33.24 | 57.38 | OK | |
r-devel-linux-x86_64-debian-gcc | 0.1.1 | 17.26 | 26.11 | 43.37 | OK | |
r-devel-linux-x86_64-fedora-clang | 0.1.1 | 84.46 | OK | |||
r-devel-linux-x86_64-fedora-gcc | 0.1.1 | 68.13 | OK | |||
r-devel-windows-ix86+x86_64 | 0.1.1 | 45.00 | 68.00 | 113.00 | OK | |
r-patched-linux-x86_64 | 0.1.1 | 22.34 | 31.19 | 53.53 | OK | |
r-patched-solaris-x86 | 0.1.1 | 5.40 | ERROR | |||
r-release-linux-x86_64 | 0.1.1 | 22.53 | 31.29 | 53.82 | OK | |
r-release-macos-x86_64 | 0.1.1 | OK | ||||
r-release-windows-ix86+x86_64 | 0.1.1 | 48.00 | 70.00 | 118.00 | OK | |
r-oldrel-macos-x86_64 | 0.1.1 | ERROR |
Version: 0.1.1
Check: whether package can be installed
Result: ERROR
Installation failed.
Flavors: r-patched-solaris-x86, r-oldrel-macos-x86_64