Last updated on 2023-10-03 06:07:03 CEST.
Flavor | Version | Tinstall | Tcheck | Ttotal | Status | Flags |
---|---|---|---|---|---|---|
r-devel-linux-x86_64-debian-clang | 0.1.1 | 73.71 | 31.22 | 104.93 | OK | |
r-devel-linux-x86_64-debian-gcc | 0.1.1 | 52.58 | 23.18 | 75.76 | OK | |
r-devel-linux-x86_64-fedora-clang | 0.1.1 | 163.13 | NOTE | |||
r-devel-linux-x86_64-fedora-gcc | 0.1.1 | 150.51 | OK | |||
r-devel-windows-x86_64 | 0.1.1 | 61.00 | 82.00 | 143.00 | NOTE | |
r-patched-linux-x86_64 | 0.1.1 | 64.79 | 28.81 | 93.60 | OK | |
r-release-linux-x86_64 | 0.1.1 | 70.02 | 29.09 | 99.11 | OK | |
r-release-macos-arm64 | 0.1.1 | 42.00 | NOTE | |||
r-release-macos-x86_64 | 0.1.1 | 66.00 | NOTE | |||
r-release-windows-x86_64 | 0.1.1 | 67.00 | 82.00 | 149.00 | NOTE | |
r-oldrel-macos-arm64 | 0.1.1 | 41.00 | NOTE | |||
r-oldrel-macos-x86_64 | 0.1.1 | 51.00 | NOTE | |||
r-oldrel-windows-x86_64 | 0.1.1 | 90.00 | 76.00 | 166.00 | NOTE |
Version: 0.1.1
Check: installed package size
Result: NOTE
installed size is 10.9Mb
sub-directories of 1Mb or more:
dlib-19.20 9.5Mb
Flavors: r-devel-linux-x86_64-fedora-clang, r-devel-windows-x86_64, r-release-macos-arm64, r-release-macos-x86_64, r-release-windows-x86_64, r-oldrel-macos-arm64, r-oldrel-macos-x86_64, r-oldrel-windows-x86_64