Last updated on 2024-05-04 11:48:25 CEST.
Flavor | Version | Tinstall | Tcheck | Ttotal | Status | Flags |
---|---|---|---|---|---|---|
r-devel-linux-x86_64-debian-clang | 0.1.1 | 78.29 | 30.18 | 108.47 | NOTE | |
r-devel-linux-x86_64-debian-gcc | 0.1.1 | 61.91 | 23.48 | 85.39 | NOTE | |
r-devel-linux-x86_64-fedora-clang | 0.1.1 | 145.68 | NOTE | |||
r-devel-linux-x86_64-fedora-gcc | 0.1.1 | 150.94 | NOTE | |||
r-devel-windows-x86_64 | 0.1.1 | 71.00 | 67.00 | 138.00 | NOTE | |
r-patched-linux-x86_64 | 0.1.1 | 75.78 | 30.01 | 105.79 | NOTE | |
r-release-linux-x86_64 | 0.1.1 | 73.02 | 29.17 | 102.19 | NOTE | |
r-release-macos-arm64 | 0.1.1 | 35.00 | NOTE | |||
r-release-windows-x86_64 | 0.1.1 | 71.00 | 65.00 | 136.00 | NOTE | |
r-oldrel-macos-arm64 | 0.1.1 | 42.00 | NOTE | |||
r-oldrel-macos-x86_64 | 0.1.1 | 66.00 | NOTE | |||
r-oldrel-windows-x86_64 | 0.1.1 | 69.00 | 77.00 | 146.00 | NOTE |
Version: 0.1.1
Check: Rd files
Result: NOTE
checkRd: (-1) image_fhog.Rd:26: Lost braces in \itemize; \value handles \item{}{} directly
checkRd: (-1) image_fhog.Rd:27: Lost braces in \itemize; \value handles \item{}{} directly
checkRd: (-1) image_fhog.Rd:28: Lost braces in \itemize; \value handles \item{}{} directly
checkRd: (-1) image_fhog.Rd:29: Lost braces in \itemize; \value handles \item{}{} directly
checkRd: (-1) image_fhog.Rd:30: Lost braces in \itemize; \value handles \item{}{} directly
checkRd: (-1) image_fhog.Rd:31: Lost braces in \itemize; \value handles \item{}{} directly
checkRd: (-1) image_surf.Rd:19: Lost braces in \itemize; \value handles \item{}{} directly
checkRd: (-1) image_surf.Rd:20: Lost braces in \itemize; \value handles \item{}{} directly
checkRd: (-1) image_surf.Rd:21: Lost braces in \itemize; \value handles \item{}{} directly
checkRd: (-1) image_surf.Rd:22: Lost braces in \itemize; \value handles \item{}{} directly
checkRd: (-1) image_surf.Rd:23: Lost braces in \itemize; \value handles \item{}{} directly
checkRd: (-1) image_surf.Rd:24: Lost braces in \itemize; \value handles \item{}{} directly
checkRd: (-1) image_surf.Rd:25: Lost braces in \itemize; \value handles \item{}{} directly
checkRd: (-1) image_surf.Rd:26: Lost braces in \itemize; \value handles \item{}{} directly
Flavors: r-devel-linux-x86_64-debian-clang, r-devel-linux-x86_64-debian-gcc, r-devel-linux-x86_64-fedora-clang, r-devel-linux-x86_64-fedora-gcc, r-devel-windows-x86_64, r-patched-linux-x86_64, r-release-linux-x86_64, r-release-macos-arm64, r-release-windows-x86_64
Version: 0.1.1
Check: installed package size
Result: NOTE
installed size is 10.9Mb
sub-directories of 1Mb or more:
dlib-19.20 9.5Mb
Flavors: r-devel-linux-x86_64-fedora-clang, r-devel-windows-x86_64, r-release-macos-arm64, r-release-windows-x86_64, r-oldrel-macos-arm64, r-oldrel-macos-x86_64, r-oldrel-windows-x86_64