Last updated on 2024-03-28 06:52:51 CET.
Flavor | Version | Tinstall | Tcheck | Ttotal | Status | Flags |
---|---|---|---|---|---|---|
r-devel-linux-x86_64-debian-clang | 0.2.3 | 110.66 | 61.52 | 172.18 | OK | |
r-devel-linux-x86_64-debian-gcc | 0.2.3 | 82.36 | 23.43 | 105.79 | OK | |
r-devel-linux-x86_64-fedora-gcc | 0.2.3 | 236.63 | OK | |||
r-devel-windows-x86_64 | 0.2.3 | 92.00 | 120.00 | 212.00 | NOTE | |
r-patched-linux-x86_64 | 0.2.3 | 102.49 | 28.60 | 131.09 | OK | |
r-release-linux-x86_64 | 0.2.3 | 110.82 | 29.79 | 140.61 | OK | |
r-release-macos-arm64 | 0.2.3 | 54.00 | NOTE | |||
r-release-macos-x86_64 | 0.2.3 | 77.00 | NOTE | |||
r-release-windows-x86_64 | 0.2.3 | 86.00 | 147.00 | 233.00 | NOTE | |
r-oldrel-macos-arm64 | 0.2.3 | 54.00 | NOTE | |||
r-oldrel-windows-x86_64 | 0.2.3 | 134.00 | 131.00 | 265.00 | NOTE |
Version: 0.2.3
Check: installed package size
Result: NOTE
installed size is 21.6Mb
sub-directories of 1Mb or more:
libs 10.5Mb
share 10.2Mb
Flavors: r-devel-windows-x86_64, r-release-macos-arm64, r-release-macos-x86_64, r-release-windows-x86_64, r-oldrel-macos-arm64, r-oldrel-windows-x86_64