Last updated on 2024-04-19 00:11:57 CEST.
Flavor | Version | Tinstall | Tcheck | Ttotal | Status | Flags |
---|---|---|---|---|---|---|
r-devel-linux-x86_64-debian-clang | 0.1-62 | 12.95 | 118.90 | 131.85 | NOTE | |
r-devel-linux-x86_64-debian-gcc | 0.1-62 | 10.23 | 86.59 | 96.82 | NOTE | |
r-devel-linux-x86_64-fedora-clang | 0.1-62 | 164.62 | NOTE | |||
r-devel-linux-x86_64-fedora-gcc | 0.1-62 | 171.23 | NOTE | |||
r-prerel-macos-arm64 | 0.1-62 | 53.00 | NOTE | |||
r-prerel-windows-x86_64 | 0.1-62 | 14.00 | 115.00 | 129.00 | NOTE | |
r-patched-linux-x86_64 | 0.1-62 | 20.67 | 111.02 | 131.69 | NOTE | |
r-release-linux-x86_64 | 0.1-62 | 11.50 | 110.99 | 122.49 | OK | |
r-release-macos-arm64 | 0.1-62 | 55.00 | OK | |||
r-release-macos-x86_64 | 0.1-62 | 89.00 | OK | |||
r-release-windows-x86_64 | 0.1-62 | 17.00 | 130.00 | 147.00 | OK | |
r-oldrel-macos-arm64 | 0.1-62 | 50.00 | OK | |||
r-oldrel-windows-x86_64 | 0.1-62 | 18.00 | 132.00 | 150.00 | OK |
Version: 0.1-62
Check: Rd files
Result: NOTE
checkRd: (-1) fitSpline.Rd:109: Lost braces
109 | \code{response} and it will have the same order of code{x} as \code{data}.
| ^
Flavors: r-devel-linux-x86_64-debian-clang, r-devel-linux-x86_64-debian-gcc, r-devel-linux-x86_64-fedora-clang, r-devel-linux-x86_64-fedora-gcc, r-prerel-macos-arm64, r-prerel-windows-x86_64, r-patched-linux-x86_64