Last updated on 2021-01-22 11:50:17 CET.
Flavor | Version | Tinstall | Tcheck | Ttotal | Status | Flags |
---|---|---|---|---|---|---|
r-devel-linux-x86_64-debian-clang | 0.2.3 | 3.14 | 39.25 | 42.39 | OK | |
r-devel-linux-x86_64-debian-gcc | 0.2.3 | 2.33 | 30.66 | 32.99 | OK | |
r-devel-linux-x86_64-fedora-clang | 0.2.3 | 59.14 | NOTE | |||
r-devel-linux-x86_64-fedora-gcc | 0.2.3 | 49.82 | OK | |||
r-devel-windows-ix86+x86_64 | 0.2.3 | 6.00 | 82.00 | 88.00 | OK | |
r-patched-linux-x86_64 | 0.2.3 | 2.66 | 38.02 | 40.68 | OK | |
r-patched-solaris-x86 | 0.2.3 | 83.60 | OK | |||
r-release-linux-x86_64 | 0.2.3 | 2.93 | 37.89 | 40.82 | OK | |
r-release-macos-x86_64 | 0.2.3 | OK | ||||
r-release-windows-ix86+x86_64 | 0.2.3 | 18.00 | 90.00 | 108.00 | OK | |
r-oldrel-macos-x86_64 | 0.2.3 | OK | ||||
r-oldrel-windows-ix86+x86_64 | 0.2.3 | 4.00 | 61.00 | 65.00 | OK |
Version: 0.2.3
Check: Rd cross-references
Result: NOTE
Undeclared packages ‘bmp’, ‘jpeg’, ‘png’, ‘tiff’ in Rd xrefs
Flavor: r-devel-linux-x86_64-fedora-clang