CRAN Package Check Results for Package imagefluency

Last updated on 2022-01-24 11:53:01 CET.

Flavor Version Tinstall Tcheck Ttotal Status Flags
r-devel-linux-x86_64-debian-clang 0.2.3 2.89 50.08 52.97 OK
r-devel-linux-x86_64-debian-gcc 0.2.3 2.50 37.61 40.11 OK
r-devel-linux-x86_64-fedora-clang 0.2.3 63.55 NOTE
r-devel-linux-x86_64-fedora-gcc 0.2.3 52.31 OK
r-devel-windows-x86_64-new-UL 0.2.3 66.00 421.00 487.00 OK
r-devel-windows-x86_64-new-TK 0.2.3 OK
r-patched-linux-x86_64 0.2.3 3.30 46.91 50.21 OK
r-release-linux-x86_64 0.2.3 2.81 46.24 49.05 OK
r-release-macos-arm64 0.2.3 OK
r-release-macos-x86_64 0.2.3 OK
r-release-windows-ix86+x86_64 0.2.3 7.00 77.00 84.00 OK
r-oldrel-macos-x86_64 0.2.3 OK
r-oldrel-windows-ix86+x86_64 0.2.3 7.00 80.00 87.00 OK

Check Details

Version: 0.2.3
Check: Rd cross-references
Result: NOTE
    Undeclared packages ‘bmp’, ‘jpeg’, ‘png’, ‘tiff’ in Rd xrefs
Flavor: r-devel-linux-x86_64-fedora-clang