Last updated on 2023-06-09 11:57:25 CEST.
Flavor | Version | Tinstall | Tcheck | Ttotal | Status | Flags |
---|---|---|---|---|---|---|
r-devel-linux-x86_64-debian-clang | 0.2.4 | 2.66 | 44.07 | 46.73 | OK | |
r-devel-linux-x86_64-debian-gcc | 0.2.4 | 2.37 | 33.61 | 35.98 | OK | |
r-devel-linux-x86_64-fedora-clang | 0.2.4 | 59.60 | NOTE | |||
r-devel-linux-x86_64-fedora-gcc | 0.2.4 | 67.27 | OK | |||
r-devel-windows-x86_64 | 0.2.4 | 5.00 | 426.00 | 431.00 | OK | |
r-patched-linux-x86_64 | 0.2.4 | 3.08 | 40.96 | 44.04 | OK | |
r-release-linux-x86_64 | 0.2.4 | 3.31 | 40.56 | 43.87 | OK | |
r-release-macos-arm64 | 0.2.4 | 31.00 | OK | |||
r-release-macos-x86_64 | 0.2.4 | 45.00 | OK | |||
r-release-windows-x86_64 | 0.2.4 | 5.00 | 1634.00 | 1639.00 | OK | |
r-oldrel-macos-arm64 | 0.2.4 | 30.00 | OK | |||
r-oldrel-macos-x86_64 | 0.2.4 | 34.00 | OK | |||
r-oldrel-windows-x86_64 | 0.2.4 | 5.00 | 1347.00 | 1352.00 | OK |
Version: 0.2.4
Check: Rd cross-references
Result: NOTE
Undeclared packages ‘bmp’, ‘jpeg’, ‘png’, ‘tiff’ in Rd xrefs
Flavor: r-devel-linux-x86_64-fedora-clang