Last updated on 2024-05-07 23:53:44 CEST.
Flavor | Version | Tinstall | Tcheck | Ttotal | Status | Flags |
---|---|---|---|---|---|---|
r-devel-linux-x86_64-debian-clang | 1.0.1 | 632.23 | 206.99 | 839.22 | NOTE | |
r-devel-linux-x86_64-debian-gcc | 1.0.1 | 695.18 | 165.45 | 860.63 | WARN | |
r-devel-linux-x86_64-fedora-clang | 1.0.1 | 1118.31 | NOTE | |||
r-devel-linux-x86_64-fedora-gcc | 1.0.1 | 1732.27 | WARN | |||
r-devel-windows-x86_64 | 1.0.1 | 608.00 | 274.00 | 882.00 | NOTE | |
r-patched-linux-x86_64 | 1.0.1 | 840.43 | 212.18 | 1052.61 | WARN | |
r-release-linux-x86_64 | 1.0.1 | 848.83 | 211.61 | 1060.44 | WARN | |
r-release-macos-arm64 | 1.0.1 | 217.00 | NOTE | |||
r-release-macos-x86_64 | 1.0.1 | 424.00 | NOTE | |||
r-release-windows-x86_64 | 1.0.1 | 599.00 | 256.00 | 855.00 | NOTE | |
r-oldrel-macos-arm64 | 1.0.1 | 207.00 | NOTE | |||
r-oldrel-macos-x86_64 | 1.0.1 | 377.00 | NOTE | |||
r-oldrel-windows-x86_64 | 1.0.1 | 735.00 | 325.00 | 1060.00 | WARN |
Version: 1.0.1
Check: C++ specification
Result: NOTE
Specified C++11: please drop specification unless essential
Flavors: r-devel-linux-x86_64-debian-clang, r-devel-linux-x86_64-debian-gcc, r-devel-linux-x86_64-fedora-clang, r-devel-linux-x86_64-fedora-gcc, r-patched-linux-x86_64, r-release-linux-x86_64, r-release-macos-arm64, r-release-macos-x86_64, r-oldrel-macos-arm64, r-oldrel-macos-x86_64
Version: 1.0.1
Check: whether package can be installed
Result: WARN
Found the following significant warnings:
../inst/include/CImg.h:29015:48: warning: ‘%s’ directive argument is null [-Wformat-overflow=]
../inst/include/CImg.h:58256:45: warning: ‘%s’ directive argument is null [-Wformat-truncation=]
See ‘/home/hornik/tmp/R.check/r-devel-gcc/Work/PKGS/imager.Rcheck/00install.out’ for details.
* used C++ compiler: ‘g++-13 (Debian 13.2.0-24) 13.2.0’
Flavor: r-devel-linux-x86_64-debian-gcc
Version: 1.0.1
Check: installed package size
Result: NOTE
installed size is 15.8Mb
sub-directories of 1Mb or more:
data 1.4Mb
doc 3.7Mb
extdata 1.1Mb
include 3.3Mb
libs 5.7Mb
Flavors: r-devel-linux-x86_64-fedora-clang, r-devel-windows-x86_64, r-release-macos-arm64, r-release-macos-x86_64, r-release-windows-x86_64, r-oldrel-macos-arm64, r-oldrel-macos-x86_64, r-oldrel-windows-x86_64
Version: 1.0.1
Check: whether package can be installed
Result: WARN
Found the following significant warnings:
../inst/include/CImg.h:29015:48: warning: '%s' directive argument is null [-Wformat-overflow=]
../inst/include/CImg.h:29246:55: warning: '%d' directive output may be truncated writing between 1 and 10 bytes into a region of size 6 [-Wformat-truncation=]
../inst/include/CImg.h:29245:69: warning: '%d' directive output may be truncated writing between 1 and 10 bytes into a region of size 6 [-Wformat-truncation=]
See ‘/data/gannet/ripley/R/packages/tests-devel/imager.Rcheck/00install.out’ for details.
* used C++ compiler: ‘g++-14 (GCC) 14.1.0’
Flavor: r-devel-linux-x86_64-fedora-gcc
Version: 1.0.1
Check: whether package can be installed
Result: WARN
Found the following significant warnings:
../inst/include/CImg.h:29015:48: warning: ‘%s’ directive argument is null [-Wformat-overflow=]
../inst/include/CImg.h:58256:45: warning: ‘%s’ directive argument is null [-Wformat-truncation=]
See ‘/home/hornik/tmp/R.check/r-patched-gcc/Work/PKGS/imager.Rcheck/00install.out’ for details.
* used C++ compiler: ‘g++-13 (Debian 13.2.0-23) 13.2.0’
Flavor: r-patched-linux-x86_64
Version: 1.0.1
Check: whether package can be installed
Result: WARN
Found the following significant warnings:
../inst/include/CImg.h:29015:48: warning: ‘%s’ directive argument is null [-Wformat-overflow=]
../inst/include/CImg.h:58256:45: warning: ‘%s’ directive argument is null [-Wformat-truncation=]
See ‘/home/hornik/tmp/R.check/r-release-gcc/Work/PKGS/imager.Rcheck/00install.out’ for details.
* used C++ compiler: ‘g++-13 (Debian 13.2.0-24) 13.2.0’
Flavor: r-release-linux-x86_64
Version: 1.0.1
Check: whether package can be installed
Result: WARN
Found the following significant warnings:
D:/rtools43/usr/lib/mxe/usr/x86_64-w64-mingw32.static.posix/include/winnt.h:8404:37: warning: ISO C++ forbids flexible array member 'Elements' [-Wpedantic]
D:/rtools43/usr/lib/mxe/usr/x86_64-w64-mingw32.static.posix/include/winnt.h:8667:22: warning: ISO C++ forbids flexible array member 'pEventLogRecords' [-Wpedantic]
D:/rtools43/usr/lib/mxe/usr/x86_64-w64-mingw32.static.posix/include/winnt.h:8673:13: warning: ISO C++ forbids flexible array member 'ulOffsets' [-Wpedantic]
D:/rtools43/usr/lib/mxe/usr/x86_64-w64-mingw32.static.posix/include/rpcndr.h:447:19: warning: ISO C++ forbids flexible array member 'Format' [-Wpedantic]
D:/rtools43/usr/lib/mxe/usr/x86_64-w64-mingw32.static.posix/include/oaidl.h:548:37: warning: ISO C++ prohibits anonymous structs [-Wpedantic]
D:/rtools43/usr/lib/mxe/usr/x86_64-w64-mingw32.static.posix/include/oaidl.h:499:29: warning: ISO C++ prohibits anonymous structs [-Wpedantic]
See 'd:/Rcompile/CRANpkg/local/4.3/imager.Rcheck/00install.out' for details.
* used C++ compiler: 'g++.exe (GCC) 12.3.0'
Flavor: r-oldrel-windows-x86_64