Last updated on 2023-09-30 06:08:42 CEST.
Flavor | Version | Tinstall | Tcheck | Ttotal | Status | Flags |
---|---|---|---|---|---|---|
r-devel-linux-x86_64-debian-clang | 2.0.0 | 29.34 | 121.78 | 151.12 | NOTE | |
r-devel-linux-x86_64-debian-gcc | 2.0.0 | 24.15 | 89.65 | 113.80 | NOTE | |
r-devel-linux-x86_64-fedora-clang | 2.0.0 | 194.57 | NOTE | |||
r-devel-linux-x86_64-fedora-gcc | 2.0.0 | 202.52 | NOTE | |||
r-devel-windows-x86_64 | 2.0.0 | 29.00 | 222.00 | 251.00 | NOTE | |
r-patched-linux-x86_64 | 2.0.0 | 39.14 | 114.93 | 154.07 | OK | |
r-release-linux-x86_64 | 2.0.0 | 32.44 | 108.28 | 140.72 | OK | |
r-release-macos-arm64 | 2.0.0 | 115.00 | OK | |||
r-release-macos-x86_64 | 2.0.0 | 277.00 | OK | |||
r-release-windows-x86_64 | 2.0.0 | 38.00 | 240.00 | 278.00 | OK | |
r-oldrel-macos-arm64 | 2.0.0 | 132.00 | OK | |||
r-oldrel-macos-x86_64 | 2.0.0 | 177.00 | OK | |||
r-oldrel-windows-x86_64 | 2.0.0 | 35.00 | 247.00 | 282.00 | OK |
Version: 2.0.0
Check: Rd metadata
Result: NOTE
Invalid package aliases in Rd file 'image-package.Rd':
‘image-package’
Flavors: r-devel-linux-x86_64-debian-clang, r-devel-linux-x86_64-debian-gcc, r-devel-linux-x86_64-fedora-clang, r-devel-linux-x86_64-fedora-gcc, r-devel-windows-x86_64