Last updated on 2024-08-16 11:49:42 CEST.
Flavor | Version | Tinstall | Tcheck | Ttotal | Status | Flags |
---|---|---|---|---|---|---|
r-devel-linux-x86_64-debian-clang | 1.0.2.1 | 34.90 | 91.08 | 125.98 | NOTE | |
r-devel-linux-x86_64-debian-gcc | 1.0.2.1 | 24.56 | 61.00 | 85.56 | NOTE | |
r-devel-linux-x86_64-fedora-clang | 1.0.2.1 | 222.44 | NOTE | |||
r-devel-linux-x86_64-fedora-gcc | 1.0.2.1 | 236.82 | NOTE | |||
r-devel-windows-x86_64 | 1.0.2.1 | 42.00 | 130.00 | 172.00 | NOTE | |
r-patched-linux-x86_64 | 1.0.2.1 | 31.22 | 85.39 | 116.61 | NOTE | |
r-release-linux-x86_64 | 1.0.2.1 | 32.13 | 85.32 | 117.45 | NOTE | |
r-release-macos-arm64 | 1.0.2.1 | 59.00 | NOTE | |||
r-release-macos-x86_64 | 1.0.2.1 | 86.00 | NOTE | |||
r-release-windows-x86_64 | 1.0.2.1 | 41.00 | 139.00 | 180.00 | NOTE | |
r-oldrel-macos-arm64 | 1.0.2.1 | 68.00 | NOTE | |||
r-oldrel-macos-x86_64 | 1.0.2.1 | 109.00 | NOTE | |||
r-oldrel-windows-x86_64 | 1.0.2.1 | 50.00 | 159.00 | 209.00 | NOTE |
Version: 1.0.2.1
Check: C++ specification
Result: NOTE
Specified C++11: please drop specification unless essential
Flavors: r-devel-linux-x86_64-debian-clang, r-devel-linux-x86_64-debian-gcc, r-devel-linux-x86_64-fedora-clang, r-devel-linux-x86_64-fedora-gcc, r-devel-windows-x86_64, r-patched-linux-x86_64, r-release-linux-x86_64, r-release-macos-arm64, r-release-macos-x86_64, r-release-windows-x86_64, r-oldrel-macos-arm64, r-oldrel-macos-x86_64, r-oldrel-windows-x86_64
Version: 1.0.2.1
Check: Rd files
Result: NOTE
checkRd: (-1) oversample.Rd:23-24: Lost braces
23 | minority examples and majority ones, that is, the quotient {size of
| ^
checkRd: (-1) oversample.Rd:24: Lost braces; missing escapes or markup?
24 | minority class}/{size of majority class}. There are methods, such as
| ^
Flavors: r-devel-linux-x86_64-debian-clang, r-devel-linux-x86_64-debian-gcc, r-devel-linux-x86_64-fedora-clang, r-devel-linux-x86_64-fedora-gcc, r-devel-windows-x86_64, r-patched-linux-x86_64, r-release-linux-x86_64, r-release-macos-arm64, r-release-macos-x86_64, r-release-windows-x86_64