Last updated on 2024-04-23 11:55:46 CEST.
Flavor | Version | Tinstall | Tcheck | Ttotal | Status | Flags |
---|---|---|---|---|---|---|
r-devel-linux-x86_64-debian-clang | 1.0.2.1 | 61.58 | 120.06 | 181.64 | NOTE | |
r-devel-linux-x86_64-debian-gcc | 1.0.2.1 | 43.66 | 87.40 | 131.06 | NOTE | |
r-devel-linux-x86_64-fedora-clang | 1.0.2.1 | 260.16 | NOTE | |||
r-devel-linux-x86_64-fedora-gcc | 1.0.2.1 | 243.91 | NOTE | |||
r-prerel-macos-arm64 | 1.0.2.1 | 59.00 | NOTE | |||
r-prerel-windows-x86_64 | 1.0.2.1 | 49.00 | 130.00 | 179.00 | NOTE | |
r-patched-linux-x86_64 | 1.0.2.1 | 58.68 | 114.01 | 172.69 | NOTE | |
r-release-linux-x86_64 | 1.0.2.1 | 56.78 | 111.58 | 168.36 | NOTE | |
r-release-macos-arm64 | 1.0.2.1 | 68.00 | NOTE | |||
r-release-macos-x86_64 | 1.0.2.1 | 109.00 | NOTE | |||
r-release-windows-x86_64 | 1.0.2.1 | 62.00 | 158.00 | 220.00 | NOTE | |
r-oldrel-macos-arm64 | 1.0.2.1 | 48.00 | OK | |||
r-oldrel-windows-x86_64 | 1.0.2.1 | 63.00 | 151.00 | 214.00 | OK |
Version: 1.0.2.1
Check: C++ specification
Result: NOTE
Specified C++11: please drop specification unless essential
Flavors: r-devel-linux-x86_64-debian-clang, r-devel-linux-x86_64-debian-gcc, r-devel-linux-x86_64-fedora-clang, r-devel-linux-x86_64-fedora-gcc, r-prerel-macos-arm64, r-prerel-windows-x86_64, r-patched-linux-x86_64, r-release-linux-x86_64, r-release-macos-arm64, r-release-macos-x86_64, r-release-windows-x86_64
Version: 1.0.2.1
Check: Rd files
Result: NOTE
checkRd: (-1) oversample.Rd:23-24: Lost braces
23 | minority examples and majority ones, that is, the quotient {size of
| ^
checkRd: (-1) oversample.Rd:24: Lost braces; missing escapes or markup?
24 | minority class}/{size of majority class}. There are methods, such as
| ^
Flavors: r-devel-linux-x86_64-debian-clang, r-devel-linux-x86_64-debian-gcc, r-devel-linux-x86_64-fedora-clang, r-devel-linux-x86_64-fedora-gcc, r-prerel-macos-arm64, r-prerel-windows-x86_64, r-patched-linux-x86_64