CRAN Package Check Results for Package imgrec

Last updated on 2019-10-23 23:51:34 CEST.

Flavor Version Tinstall Tcheck Ttotal Status Flags
r-devel-linux-x86_64-debian-clang 0.1.0 4.38 32.41 36.79 OK
r-devel-linux-x86_64-debian-gcc 0.1.0 3.38 27.26 30.64 OK
r-devel-linux-x86_64-fedora-clang 0.1.0 45.10 NOTE
r-devel-linux-x86_64-fedora-gcc 0.1.0 43.89 NOTE
r-devel-windows-ix86+x86_64 0.1.0 9.00 68.00 77.00 OK
r-patched-linux-x86_64 0.1.0 3.81 33.01 36.82 OK
r-patched-solaris-x86 0.1.0 67.30 NOTE
r-release-linux-x86_64 0.1.0 2.99 32.06 35.05 OK
r-release-windows-ix86+x86_64 0.1.0 14.00 48.00 62.00 OK
r-release-osx-x86_64 0.1.0 NOTE
r-oldrel-windows-ix86+x86_64 0.1.0 10.00 68.00 78.00 OK
r-oldrel-osx-x86_64 0.1.0 NOTE

Check Details

Version: 0.1.0
Check: dependencies in R code
Result: NOTE
    Namespace in Imports field not imported from: ‘knitr’
     All declared Imports should be used.
Flavors: r-devel-linux-x86_64-fedora-clang, r-devel-linux-x86_64-fedora-gcc, r-patched-solaris-x86, r-release-osx-x86_64, r-oldrel-osx-x86_64