Last updated on 2023-12-11 05:51:56 CET.
Flavor | Version | Tinstall | Tcheck | Ttotal | Status | Flags |
---|---|---|---|---|---|---|
r-devel-linux-x86_64-debian-clang | 0.1.3 | 5.45 | 47.40 | 52.85 | OK | |
r-devel-linux-x86_64-debian-gcc | 0.1.3 | 3.79 | 36.24 | 40.03 | OK | |
r-devel-linux-x86_64-fedora-clang | 0.1.3 | 66.34 | NOTE | |||
r-devel-linux-x86_64-fedora-gcc | 0.1.3 | 72.48 | NOTE | |||
r-devel-windows-x86_64 | 0.1.3 | 6.00 | 56.00 | 62.00 | OK | |
r-patched-linux-x86_64 | 0.1.3 | 5.55 | 45.88 | 51.43 | OK | |
r-release-linux-x86_64 | 0.1.3 | 4.83 | 45.44 | 50.27 | OK | |
r-release-macos-arm64 | 0.1.3 | 33.00 | OK | |||
r-release-macos-x86_64 | 0.1.3 | 48.00 | OK | |||
r-release-windows-x86_64 | 0.1.3 | 7.00 | 62.00 | 69.00 | OK | |
r-oldrel-macos-arm64 | 0.1.3 | 26.00 | NOTE | |||
r-oldrel-macos-x86_64 | 0.1.3 | 43.00 | NOTE | |||
r-oldrel-windows-x86_64 | 0.1.3 | 7.00 | 65.00 | 72.00 | OK |
Version: 0.1.3
Check: dependencies in R code
Result: NOTE
Namespace in Imports field not imported from: ‘knitr’
All declared Imports should be used.
Flavors: r-devel-linux-x86_64-fedora-clang, r-devel-linux-x86_64-fedora-gcc, r-oldrel-macos-arm64, r-oldrel-macos-x86_64