Last updated on 2024-08-16 11:49:42 CEST.
Flavor | Version | Tinstall | Tcheck | Ttotal | Status | Flags |
---|---|---|---|---|---|---|
r-devel-linux-x86_64-debian-clang | 0.8.7 | 45.98 | 164.48 | 210.46 | NOTE | |
r-devel-linux-x86_64-debian-gcc | 0.8.7 | 36.36 | 111.94 | 148.30 | NOTE | |
r-devel-linux-x86_64-fedora-clang | 0.8.7 | 333.77 | NOTE | |||
r-devel-linux-x86_64-fedora-gcc | 0.8.7 | 310.08 | NOTE | |||
r-devel-windows-x86_64 | 0.8.7 | 45.00 | 146.00 | 191.00 | NOTE | |
r-patched-linux-x86_64 | 0.8.7 | 44.99 | 149.32 | 194.31 | NOTE | |
r-release-linux-x86_64 | 0.8.7 | 42.50 | 152.35 | 194.85 | NOTE | |
r-release-macos-arm64 | 0.8.7 | 93.00 | NOTE | |||
r-release-macos-x86_64 | 0.8.7 | 147.00 | NOTE | |||
r-release-windows-x86_64 | 0.8.7 | 43.00 | 158.00 | 201.00 | NOTE | |
r-oldrel-macos-arm64 | 0.8.7 | 105.00 | NOTE | |||
r-oldrel-macos-x86_64 | 0.8.7 | 163.00 | NOTE | |||
r-oldrel-windows-x86_64 | 0.8.7 | 60.00 | 193.00 | 253.00 | NOTE |
Version: 0.8.7
Check: LazyData
Result: NOTE
'LazyData' is specified without a 'data' directory
Flavors: r-devel-linux-x86_64-debian-clang, r-devel-linux-x86_64-debian-gcc, r-devel-linux-x86_64-fedora-clang, r-devel-linux-x86_64-fedora-gcc, r-devel-windows-x86_64, r-patched-linux-x86_64, r-release-linux-x86_64, r-release-macos-arm64, r-release-macos-x86_64, r-release-windows-x86_64, r-oldrel-macos-arm64, r-oldrel-macos-x86_64, r-oldrel-windows-x86_64
Version: 0.8.7
Check: installed package size
Result: NOTE
installed size is 5.2Mb
sub-directories of 1Mb or more:
R 5.1Mb
Flavors: r-release-macos-arm64, r-release-macos-x86_64, r-oldrel-macos-arm64, r-oldrel-macos-x86_64