Last updated on 2023-03-21 11:53:51 CET.
Flavor | Version | Tinstall | Tcheck | Ttotal | Status | Flags |
---|---|---|---|---|---|---|
r-devel-linux-x86_64-debian-clang | 0.1.0 | 36.30 | 53.38 | 89.68 | NOTE | |
r-devel-linux-x86_64-debian-gcc | 0.1.0 | 27.18 | 41.60 | 68.78 | NOTE | |
r-devel-linux-x86_64-fedora-clang | 0.1.0 | 123.45 | NOTE | |||
r-devel-linux-x86_64-fedora-gcc | 0.1.0 | 109.15 | NOTE | |||
r-patched-linux-x86_64 | 0.1.0 | 28.18 | 37.11 | 65.29 | NOTE | |
r-release-linux-x86_64 | 0.1.0 | 27.18 | 51.38 | 78.56 | NOTE | |
r-release-macos-arm64 | 0.1.0 | 31.00 | NOTE | |||
r-release-macos-x86_64 | 0.1.0 | 56.00 | NOTE | |||
r-release-windows-x86_64 | 0.1.0 | 31.00 | 100.00 | 131.00 | NOTE | |
r-oldrel-macos-arm64 | 0.1.0 | 40.00 | NOTE | |||
r-oldrel-macos-x86_64 | 0.1.0 | 57.00 | NOTE | |||
r-oldrel-windows-ix86+x86_64 | 0.1.0 | 79.00 | 116.00 | 195.00 | NOTE |
Version: 0.1.0
Check: LazyData
Result: NOTE
'LazyData' is specified without a 'data' directory
Flavors: r-devel-linux-x86_64-debian-clang, r-devel-linux-x86_64-debian-gcc, r-devel-linux-x86_64-fedora-clang, r-devel-linux-x86_64-fedora-gcc, r-patched-linux-x86_64, r-release-linux-x86_64, r-release-macos-arm64, r-release-macos-x86_64, r-release-windows-x86_64, r-oldrel-macos-arm64, r-oldrel-macos-x86_64, r-oldrel-windows-ix86+x86_64