CRAN Package Check Results for Package imputePSF

Last updated on 2019-04-26 11:52:22 CEST.

Flavor Version Tinstall Tcheck Ttotal Status Flags
r-devel-linux-x86_64-debian-clang 0.1.0 2.24 23.26 25.50 NOTE
r-devel-linux-x86_64-debian-gcc 0.1.0 1.64 18.41 20.05 NOTE
r-devel-linux-x86_64-fedora-clang 0.1.0 30.09 NOTE
r-devel-linux-x86_64-fedora-gcc 0.1.0 29.85 NOTE
r-devel-windows-ix86+x86_64 0.1.0 6.00 46.00 52.00 NOTE
r-patched-linux-x86_64 0.1.0 2.19 22.65 24.84 NOTE
r-patched-solaris-x86 0.1.0 48.60 NOTE
r-release-linux-x86_64 0.1.0 1.41 21.61 23.02 NOTE
r-release-windows-ix86+x86_64 0.1.0 6.00 34.00 40.00 NOTE
r-release-osx-x86_64 0.1.0 NOTE
r-oldrel-windows-ix86+x86_64 0.1.0 3.00 44.00 47.00 NOTE
r-oldrel-osx-x86_64 0.1.0 NOTE

Check Details

Version: 0.1.0
Check: R code for possible problems
Result: NOTE
    heal_data: no visible global function definition for 'optimum_k'
    heal_data: no visible global function definition for 'optimum_w'
    heal_data: no visible global function definition for 'pred_for_w'
    Undefined global functions or variables:
     optimum_k optimum_w pred_for_w
Flavors: r-devel-linux-x86_64-debian-clang, r-devel-linux-x86_64-debian-gcc, r-devel-linux-x86_64-fedora-clang, r-devel-linux-x86_64-fedora-gcc, r-devel-windows-ix86+x86_64, r-patched-linux-x86_64, r-patched-solaris-x86, r-release-linux-x86_64, r-release-windows-ix86+x86_64, r-release-osx-x86_64, r-oldrel-windows-ix86+x86_64, r-oldrel-osx-x86_64