CRAN Package Check Results for Package inTextSummaryTable

Last updated on 2021-10-16 05:51:25 CEST.

Flavor Version Tinstall Tcheck Ttotal Status Flags
r-devel-linux-x86_64-debian-clang 3.1.0 12.57 251.89 264.46 OK
r-devel-linux-x86_64-debian-gcc 3.1.0 9.54 182.55 192.09 OK
r-devel-linux-x86_64-fedora-clang 3.1.0 313.06 NOTE
r-devel-linux-x86_64-fedora-gcc 3.1.0 301.25 OK
r-devel-windows-x86_64 3.1.0 25.00 259.00 284.00 NOTE
r-devel-windows-x86_64-gcc10-UCRT 3.1.0 OK
r-patched-linux-x86_64 3.1.0 17.39 248.85 266.24 OK
r-patched-solaris-x86 3.1.0 234.50 NOTE
r-release-linux-x86_64 3.1.0 10.27 247.71 257.98 OK
r-release-macos-arm64 3.1.0 NOTE
r-release-macos-x86_64 3.1.0 NOTE
r-release-windows-ix86+x86_64 3.1.0 25.00 380.00 405.00 NOTE
r-oldrel-macos-x86_64 3.1.0 NOTE
r-oldrel-windows-ix86+x86_64 3.1.0 27.00 379.00 406.00 NOTE

Check Details

Version: 3.1.0
Check: installed package size
Result: NOTE
     installed size is 10.1Mb
     sub-directories of 1Mb or more:
     doc 9.5Mb
Flavors: r-devel-linux-x86_64-fedora-clang, r-devel-windows-x86_64, r-patched-solaris-x86, r-release-macos-arm64, r-release-macos-x86_64, r-release-windows-ix86+x86_64, r-oldrel-macos-x86_64, r-oldrel-windows-ix86+x86_64

Version: 3.1.0
Check: Rd cross-references
Result: NOTE
    Undeclared package ‘DT’ in Rd xrefs
Flavor: r-devel-linux-x86_64-fedora-clang