CRAN Package Check Results for Package incR

Last updated on 2022-01-26 23:50:21 CET.

Flavor Version Tinstall Tcheck Ttotal Status Flags
r-devel-linux-x86_64-debian-clang 1.1.0 2.90 51.07 53.97 OK
r-devel-linux-x86_64-debian-gcc 1.1.0 2.18 38.72 40.90 OK
r-devel-linux-x86_64-fedora-clang 1.1.0 65.01 NOTE
r-devel-linux-x86_64-fedora-gcc 1.1.0 54.17 NOTE
r-devel-windows-x86_64-new-UL 1.1.0 26.00 87.00 113.00 OK
r-devel-windows-x86_64-new-TK 1.1.0 NOTE
r-patched-linux-x86_64 1.1.0 6.09 46.56 52.65 OK
r-release-linux-x86_64 1.1.0 2.54 45.81 48.35 OK
r-release-macos-arm64 1.1.0 NOTE
r-release-macos-x86_64 1.1.0 NOTE
r-release-windows-ix86+x86_64 1.1.0 8.00 62.00 70.00 OK
r-oldrel-macos-x86_64 1.1.0 NOTE
r-oldrel-windows-ix86+x86_64 1.1.0 7.00 65.00 72.00 OK

Check Details

Version: 1.1.0
Check: dependencies in R code
Result: NOTE
    Namespaces in Imports field not imported from:
     ‘dplyr’ ‘rgeos’
     All declared Imports should be used.
Flavors: r-devel-linux-x86_64-fedora-clang, r-devel-linux-x86_64-fedora-gcc, r-devel-windows-x86_64-new-TK, r-release-macos-arm64, r-release-macos-x86_64, r-oldrel-macos-x86_64