CRAN Package Check Results for Package incidental

Last updated on 2021-07-27 17:50:59 CEST.

Flavor Version Tinstall Tcheck Ttotal Status Flags
r-devel-linux-x86_64-debian-clang 0.1 7.99 79.01 87.00 OK
r-devel-linux-x86_64-debian-gcc 0.1 6.96 60.81 67.77 OK
r-devel-linux-x86_64-fedora-clang 0.1 116.64 OK
r-devel-linux-x86_64-fedora-gcc 0.1 102.69 OK
r-devel-windows-x86_64 0.1 13.00 102.00 115.00 OK
r-devel-windows-x86_64-gcc10-UCRT 0.1 OK
r-patched-linux-x86_64 0.1 8.51 74.91 83.42 OK
r-patched-solaris-x86 0.1 157.50 OK
r-release-linux-x86_64 0.1 8.07 76.29 84.36 OK
r-release-macos-arm64 0.1 WARN
r-release-macos-x86_64 0.1 OK
r-release-windows-ix86+x86_64 0.1 19.00 71.00 90.00 OK
r-oldrel-macos-x86_64 0.1 OK
r-oldrel-windows-ix86+x86_64 0.1 15.00 100.00 115.00 OK

Check Details

Version: 0.1
Check: re-building of vignette outputs
Result: WARN
    Error(s) in re-building vignettes:
     ...
    --- re-building ‘incidental-tutorial.Rmd’ using rmarkdown
    Warning in engine$weave(file, quiet = quiet, encoding = enc) :
     Pandoc (>= 1.12.3) not available. Falling back to R Markdown v1.
    Quitting from lines 85-86 (incidental-tutorial.Rmd)
    Error: processing vignette 'incidental-tutorial.Rmd' failed with diagnostics:
    polygon edge not found
    --- failed re-building ‘incidental-tutorial.Rmd’
    
    SUMMARY: processing the following file failed:
     ‘incidental-tutorial.Rmd’
    
    Error: Vignette re-building failed.
    Execution halted
Flavor: r-release-macos-arm64