Last updated on 2024-08-16 11:49:42 CEST.
Flavor | Version | Tinstall | Tcheck | Ttotal | Status | Flags |
---|---|---|---|---|---|---|
r-devel-linux-x86_64-debian-clang | 0.1 | 6.57 | 70.68 | 77.25 | NOTE | |
r-devel-linux-x86_64-debian-gcc | 0.1 | 5.38 | 52.36 | 57.74 | NOTE | |
r-devel-linux-x86_64-fedora-clang | 0.1 | 120.85 | NOTE | |||
r-devel-linux-x86_64-fedora-gcc | 0.1 | 128.57 | NOTE | |||
r-devel-windows-x86_64 | 0.1 | 9.00 | 83.00 | 92.00 | NOTE | |
r-patched-linux-x86_64 | 0.1 | 7.24 | 65.77 | 73.01 | NOTE | |
r-release-linux-x86_64 | 0.1 | 6.35 | 67.37 | 73.72 | NOTE | |
r-release-macos-arm64 | 0.1 | 43.00 | NOTE | |||
r-release-macos-x86_64 | 0.1 | 68.00 | NOTE | |||
r-release-windows-x86_64 | 0.1 | 9.00 | 118.00 | 127.00 | NOTE | |
r-oldrel-macos-arm64 | 0.1 | 45.00 | OK | |||
r-oldrel-macos-x86_64 | 0.1 | 74.00 | OK | |||
r-oldrel-windows-x86_64 | 0.1 | 11.00 | 98.00 | 109.00 | OK |
Version: 0.1
Check: Rd files
Result: NOTE
checkRd: (-1) make_likelihood_matrix.Rd:16: Lost braces; missing escapes or markup?
16 | This function creates a matrix such that P[t, s] = P(C = t | I = s) = theta_{t-s} for s <= t and 0 otherwise.
| ^
Flavors: r-devel-linux-x86_64-debian-clang, r-devel-linux-x86_64-debian-gcc, r-devel-linux-x86_64-fedora-clang, r-devel-linux-x86_64-fedora-gcc, r-devel-windows-x86_64, r-patched-linux-x86_64, r-release-linux-x86_64, r-release-macos-arm64, r-release-macos-x86_64, r-release-windows-x86_64