Last updated on 2022-05-17 00:51:12 CEST.
Flavor | Version | Tinstall | Tcheck | Ttotal | Status | Flags |
---|---|---|---|---|---|---|
r-devel-linux-x86_64-debian-clang | 1.0.0 | 10.50 | 574.95 | 585.45 | OK | |
r-devel-linux-x86_64-debian-gcc | 1.0.0 | 7.99 | 410.86 | 418.85 | OK | |
r-devel-linux-x86_64-fedora-clang | 1.0.0 | 636.89 | NOTE | |||
r-devel-linux-x86_64-fedora-gcc | 1.0.0 | 636.90 | OK | |||
r-devel-windows-x86_64 | 1.0.0 | 149.00 | 576.00 | 725.00 | OK | |
r-patched-linux-x86_64 | 1.0.0 | 6.43 | 524.78 | 531.21 | OK | |
r-release-linux-x86_64 | 1.0.0 | 6.32 | 520.48 | 526.80 | OK | |
r-release-macos-arm64 | 1.0.0 | 152.00 | OK | |||
r-release-macos-x86_64 | 1.0.0 | 359.00 | OK | |||
r-release-windows-x86_64 | 1.0.0 | 214.00 | 558.00 | 772.00 | OK | |
r-oldrel-macos-arm64 | 1.0.0 | 203.00 | OK | |||
r-oldrel-macos-x86_64 | 1.0.0 | 208.00 | OK | |||
r-oldrel-windows-ix86+x86_64 | 1.0.0 | 24.00 | 638.00 | 662.00 | OK |
Version: 1.0.0
Check: Rd cross-references
Result: NOTE
Undeclared package ‘parsnip’ in Rd xrefs
Flavor: r-devel-linux-x86_64-fedora-clang